CRAN Package Check Results for Package cesR

Last updated on 2025-05-23 00:50:10 CEST.

Flavor Version Tinstall Tcheck Ttotal Status Flags
r-devel-linux-x86_64-debian-clang 0.1.0 1.86 30.76 32.62 NOTE
r-devel-linux-x86_64-debian-gcc 0.1.0 1.94 23.94 25.88 NOTE
r-devel-linux-x86_64-fedora-clang 0.1.0 51.39 NOTE
r-devel-linux-x86_64-fedora-gcc 0.1.0 61.97 NOTE
r-devel-windows-x86_64 0.1.0 4.00 88.00 92.00 NOTE
r-patched-linux-x86_64 0.1.0 2.73 28.74 31.47 NOTE
r-release-linux-x86_64 0.1.0 2.48 28.36 30.84 NOTE
r-release-macos-arm64 0.1.0 30.00 NOTE
r-release-macos-x86_64 0.1.0 51.00 NOTE
r-release-windows-x86_64 0.1.0 4.00 73.00 77.00 NOTE
r-oldrel-macos-arm64 0.1.0 37.00 NOTE
r-oldrel-macos-x86_64 0.1.0 41.00 NOTE
r-oldrel-windows-x86_64 0.1.0 5.00 62.00 67.00 NOTE

Check Details

Version: 0.1.0
Check: package subdirectories
Result: NOTE Problems with news in ‘NEWS.md’: No news entries found. Flavors: r-devel-linux-x86_64-debian-clang, r-devel-linux-x86_64-debian-gcc, r-devel-linux-x86_64-fedora-clang, r-devel-linux-x86_64-fedora-gcc, r-devel-windows-x86_64, r-patched-linux-x86_64, r-release-linux-x86_64, r-release-macos-arm64, r-release-macos-x86_64, r-release-windows-x86_64, r-oldrel-macos-arm64, r-oldrel-macos-x86_64, r-oldrel-windows-x86_64