Last updated on 2024-05-08 04:49:06 CEST.
Flavor | Version | Tinstall | Tcheck | Ttotal | Status | Flags |
---|---|---|---|---|---|---|
r-devel-linux-x86_64-debian-clang | 2.5.3 | 164.97 | 324.74 | 489.71 | OK | |
r-devel-linux-x86_64-debian-gcc | 2.5.3 | 125.57 | 257.55 | 383.12 | OK | |
r-devel-linux-x86_64-fedora-clang | 2.5.3 | 689.97 | NOTE | |||
r-devel-linux-x86_64-fedora-gcc | 2.5.3 | 789.77 | OK | |||
r-devel-windows-x86_64 | 2.5.3 | 133.00 | 289.00 | 422.00 | NOTE | |
r-patched-linux-x86_64 | 2.5.3 | 159.26 | 337.11 | 496.37 | OK | |
r-release-linux-x86_64 | 2.5.3 | 157.85 | 342.90 | 500.75 | OK | |
r-release-macos-arm64 | 2.5.3 | 147.00 | NOTE | |||
r-release-windows-x86_64 | 2.5.3 | 129.00 | 278.00 | 407.00 | NOTE | |
r-oldrel-macos-arm64 | 2.5.3 | 169.00 | NOTE | |||
r-oldrel-macos-x86_64 | 2.5.3 | 309.00 | NOTE | |||
r-oldrel-windows-x86_64 | 2.5.3 | 152.00 | 341.00 | 493.00 | NOTE |
Version: 2.5.3
Check: installed package size
Result: NOTE
installed size is 6.6Mb
sub-directories of 1Mb or more:
data 3.2Mb
doc 2.0Mb
Flavors: r-devel-linux-x86_64-fedora-clang, r-devel-windows-x86_64, r-release-macos-arm64, r-release-windows-x86_64, r-oldrel-macos-arm64, r-oldrel-macos-x86_64, r-oldrel-windows-x86_64