Last updated on 2024-03-28 16:48:27 CET.
Flavor | Version | Tinstall | Tcheck | Ttotal | Status | Flags |
---|---|---|---|---|---|---|
r-devel-linux-x86_64-debian-clang | 0.10.4 | 11.89 | 364.87 | 376.76 | OK | |
r-devel-linux-x86_64-debian-gcc | 0.10.4 | 9.57 | 289.09 | 298.66 | OK | |
r-devel-linux-x86_64-fedora-clang | 0.10.4 | 479.09 | NOTE | |||
r-devel-linux-x86_64-fedora-gcc | 0.10.4 | 490.93 | OK | |||
r-devel-windows-x86_64 | 0.10.4 | 15.00 | 276.00 | 291.00 | NOTE | |
r-patched-linux-x86_64 | 0.10.4 | 18.08 | 375.06 | 393.14 | OK | |
r-release-linux-x86_64 | 0.10.4 | 16.46 | 362.94 | 379.40 | OK | |
r-release-macos-arm64 | 0.10.4 | 167.00 | NOTE | |||
r-release-macos-x86_64 | 0.10.4 | 337.00 | NOTE | |||
r-release-windows-x86_64 | 0.10.4 | 18.00 | 351.00 | 369.00 | NOTE | |
r-oldrel-macos-arm64 | 0.10.4 | 207.00 | NOTE | |||
r-oldrel-windows-x86_64 | 0.10.4 | 20.00 | 354.00 | 374.00 | NOTE |
Version: 0.10.4
Check: installed package size
Result: NOTE
installed size is 6.7Mb
sub-directories of 1Mb or more:
doc 5.4Mb
Flavors: r-devel-linux-x86_64-fedora-clang, r-devel-windows-x86_64, r-release-macos-arm64, r-release-macos-x86_64, r-release-windows-x86_64, r-oldrel-macos-arm64, r-oldrel-windows-x86_64