Last updated on 2025-05-06 02:50:13 CEST.
Flavor | Version | Tinstall | Tcheck | Ttotal | Status | Flags |
---|---|---|---|---|---|---|
r-devel-linux-x86_64-debian-clang | 2.2.1 | 74.99 | 74.45 | 149.44 | OK | |
r-devel-linux-x86_64-debian-gcc | 2.2.1 | 51.95 | 48.73 | 100.68 | OK | |
r-devel-linux-x86_64-fedora-clang | 2.2.1 | 223.42 | OK | |||
r-devel-linux-x86_64-fedora-gcc | 2.2.1 | 264.18 | OK | |||
r-devel-windows-x86_64 | 2.2.1 | 71.00 | 107.00 | 178.00 | OK | |
r-patched-linux-x86_64 | 2.2.1 | 67.07 | 67.25 | 134.32 | OK | |
r-release-linux-x86_64 | 2.2.1 | 75.39 | 68.23 | 143.62 | OK | |
r-release-macos-arm64 | 2.2.1 | 68.00 | OK | |||
r-release-macos-x86_64 | 2.2.1 | 116.00 | OK | |||
r-release-windows-x86_64 | 2.2.1 | 72.00 | 108.00 | 180.00 | OK | |
r-oldrel-macos-arm64 | 2.2.1 | 58.00 | NOTE | |||
r-oldrel-macos-x86_64 | 2.2.1 | 88.00 | NOTE | |||
r-oldrel-windows-x86_64 | 2.2.1 | 84.00 | 148.00 | 232.00 | OK |
Version: 2.2.1
Check: installed package size
Result: NOTE
installed size is 10.6Mb
sub-directories of 1Mb or more:
libs 10.2Mb
Flavors: r-oldrel-macos-arm64, r-oldrel-macos-x86_64