Last updated on 2024-05-21 15:50:17 CEST.
Flavor | Version | Tinstall | Tcheck | Ttotal | Status | Flags |
---|---|---|---|---|---|---|
r-devel-linux-x86_64-debian-clang | 1.3 | 5.32 | 392.91 | 398.23 | OK | |
r-devel-linux-x86_64-debian-gcc | 1.3 | 3.71 | 311.91 | 315.62 | OK | |
r-devel-linux-x86_64-fedora-clang | 1.3 | 557.78 | NOTE | |||
r-devel-linux-x86_64-fedora-gcc | 1.3 | 546.56 | OK | |||
r-devel-windows-x86_64 | 1.3 | 5.00 | 131.00 | 136.00 | NOTE | |
r-patched-linux-x86_64 | 1.3 | 6.55 | 392.01 | 398.56 | OK | |
r-release-linux-x86_64 | 1.3 | 4.25 | 389.85 | 394.10 | OK | |
r-release-macos-arm64 | 1.3 | 58.00 | NOTE | |||
r-release-windows-x86_64 | 1.3 | 5.00 | 132.00 | 137.00 | NOTE | |
r-oldrel-macos-arm64 | 1.3 | 64.00 | NOTE | |||
r-oldrel-macos-x86_64 | 1.3 | 98.00 | NOTE | |||
r-oldrel-windows-x86_64 | 1.3 | 6.00 | 151.00 | 157.00 | NOTE |
Version: 1.3
Check: installed package size
Result: NOTE
installed size is 5.9Mb
sub-directories of 1Mb or more:
doc 5.7Mb
Flavors: r-devel-linux-x86_64-fedora-clang, r-devel-windows-x86_64, r-release-macos-arm64, r-release-windows-x86_64, r-oldrel-macos-arm64, r-oldrel-macos-x86_64, r-oldrel-windows-x86_64