Last updated on 2024-05-09 21:52:53 CEST.
Flavor | Version | Tinstall | Tcheck | Ttotal | Status | Flags |
---|---|---|---|---|---|---|
r-devel-linux-x86_64-debian-clang | 0.2.0 | 3.44 | 42.11 | 45.55 | NOTE | |
r-devel-linux-x86_64-debian-gcc | 0.2.0 | 2.57 | 32.01 | 34.58 | NOTE | |
r-devel-linux-x86_64-fedora-clang | 0.2.0 | 59.37 | NOTE | |||
r-devel-linux-x86_64-fedora-gcc | 0.2.0 | 104.81 | NOTE | |||
r-devel-windows-x86_64 | 0.2.0 | 3.00 | 53.00 | 56.00 | NOTE | |
r-patched-linux-x86_64 | 0.2.0 | 3.69 | 41.21 | 44.90 | NOTE | |
r-release-linux-x86_64 | 0.2.0 | 3.13 | 40.73 | 43.86 | NOTE | |
r-release-macos-arm64 | 0.2.0 | 27.00 | NOTE | |||
r-release-windows-x86_64 | 0.2.0 | 3.00 | 53.00 | 56.00 | NOTE | |
r-oldrel-macos-arm64 | 0.2.0 | 29.00 | NOTE | |||
r-oldrel-macos-x86_64 | 0.2.0 | 42.00 | NOTE | |||
r-oldrel-windows-x86_64 | 0.2.0 | 5.00 | 53.00 | 58.00 | NOTE |
Version: 0.2.0
Check: LazyData
Result: NOTE
'LazyData' is specified without a 'data' directory
Flavors: r-devel-linux-x86_64-debian-clang, r-devel-linux-x86_64-debian-gcc, r-devel-linux-x86_64-fedora-clang, r-devel-linux-x86_64-fedora-gcc, r-devel-windows-x86_64, r-patched-linux-x86_64, r-release-linux-x86_64, r-release-macos-arm64, r-release-windows-x86_64, r-oldrel-macos-arm64, r-oldrel-macos-x86_64, r-oldrel-windows-x86_64