Last updated on 2025-07-04 07:49:23 CEST.
Flavor | Version | Tinstall | Tcheck | Ttotal | Status | Flags |
---|---|---|---|---|---|---|
r-devel-linux-x86_64-debian-clang | 1.1.3 | 10.63 | 91.87 | 102.50 | NOTE | |
r-devel-linux-x86_64-debian-gcc | 1.1.3 | 8.87 | 64.82 | 73.69 | NOTE | |
r-devel-linux-x86_64-fedora-clang | 1.1.3 | 155.92 | NOTE | |||
r-devel-linux-x86_64-fedora-gcc | 1.1.3 | 143.48 | NOTE | |||
r-devel-windows-x86_64 | 1.1.3 | 12.00 | 92.00 | 104.00 | OK | |
r-patched-linux-x86_64 | 1.1.3 | 12.24 | 82.63 | 94.87 | OK | |
r-release-linux-x86_64 | 1.1.3 | 10.29 | 82.58 | 92.87 | OK | |
r-release-macos-arm64 | 1.1.3 | 48.00 | OK | |||
r-release-macos-x86_64 | 1.1.3 | 75.00 | OK | |||
r-release-windows-x86_64 | 1.1.3 | 12.00 | 93.00 | 105.00 | OK | |
r-oldrel-macos-arm64 | 1.1.3 | 50.00 | OK | |||
r-oldrel-macos-x86_64 | 1.1.3 | 72.00 | OK | |||
r-oldrel-windows-x86_64 | 1.1.3 | 17.00 | 117.00 | 134.00 | OK |
Version: 1.1.3
Check: CRAN incoming feasibility
Result: NOTE
Maintainer: ‘Ian Jonsen <ian.jonsen@mq.edu.au>’
Package CITATION file contains call(s) to old-style personList() or
as.personList(). Please use c() on person objects instead.
Package CITATION file contains call(s) to old-style citEntry(). Please
use bibentry() instead.
Flavors: r-devel-linux-x86_64-debian-clang, r-devel-linux-x86_64-debian-gcc
Version: 1.1.3
Check: dependencies in R code
Result: NOTE
Namespaces in Imports field not imported from:
‘rworldxtra’ ‘sp’
All declared Imports should be used.
Flavors: r-devel-linux-x86_64-fedora-clang, r-devel-linux-x86_64-fedora-gcc