Last updated on 2024-05-21 18:49:08 CEST.
Flavor | Version | Tinstall | Tcheck | Ttotal | Status | Flags |
---|---|---|---|---|---|---|
r-devel-linux-x86_64-debian-clang | 2.21.0 | 83.05 | 776.00 | 859.05 | NOTE | |
r-devel-linux-x86_64-debian-gcc | 2.21.0 | 69.37 | 543.36 | 612.73 | NOTE | |
r-devel-linux-x86_64-fedora-clang | 2.21.0 | 1038.11 | NOTE | |||
r-devel-linux-x86_64-fedora-gcc | 2.21.0 | 933.31 | NOTE | |||
r-devel-windows-x86_64 | 2.21.0 | 59.00 | 234.00 | 293.00 | NOTE | --no-examples --no-tests --no-vignettes |
r-patched-linux-x86_64 | 2.21.0 | 76.65 | 711.11 | 787.76 | NOTE | |
r-release-linux-x86_64 | 2.21.0 | 62.02 | 717.99 | 780.01 | NOTE | |
r-release-macos-arm64 | 2.21.0 | 242.00 | NOTE | |||
r-release-macos-x86_64 | 2.21.0 | 643.00 | NOTE | |||
r-release-windows-x86_64 | 2.21.0 | 56.00 | 232.00 | 288.00 | NOTE | --no-examples --no-tests --no-vignettes |
r-oldrel-macos-arm64 | 2.21.0 | 243.00 | NOTE | |||
r-oldrel-macos-x86_64 | 2.21.0 | 648.00 | NOTE | |||
r-oldrel-windows-x86_64 | 2.21.0 | 76.00 | 228.00 | 304.00 | NOTE | --no-examples --no-tests --no-vignettes |
Version: 2.21.0
Check: package dependencies
Result: NOTE
Package suggested but not available for checking: ‘cmdstanr’
Flavors: r-devel-linux-x86_64-debian-clang, r-devel-linux-x86_64-debian-gcc, r-devel-linux-x86_64-fedora-clang, r-devel-linux-x86_64-fedora-gcc, r-patched-linux-x86_64, r-release-linux-x86_64, r-release-macos-arm64, r-release-macos-x86_64, r-oldrel-macos-arm64, r-oldrel-macos-x86_64
Version: 2.21.0
Check: installed package size
Result: NOTE
installed size is 8.7Mb
sub-directories of 1Mb or more:
R 3.7Mb
doc 3.6Mb
Flavors: r-devel-linux-x86_64-fedora-clang, r-release-macos-arm64, r-release-macos-x86_64, r-oldrel-macos-arm64, r-oldrel-macos-x86_64
Version: 2.21.0
Flags: --no-examples --no-tests --no-vignettes
Check: package dependencies
Result: NOTE
Package suggested but not available for checking: 'cmdstanr'
Flavors: r-devel-windows-x86_64, r-release-windows-x86_64, r-oldrel-windows-x86_64
Version: 2.21.0
Flags: --no-examples --no-tests --no-vignettes
Check: installed package size
Result: NOTE
installed size is 8.6Mb
sub-directories of 1Mb or more:
R 3.7Mb
doc 3.6Mb
Flavors: r-devel-windows-x86_64, r-release-windows-x86_64, r-oldrel-windows-x86_64