Last updated on 2024-05-11 14:48:06 CEST.
Flavor | Version | Tinstall | Tcheck | Ttotal | Status | Flags |
---|---|---|---|---|---|---|
r-devel-linux-x86_64-debian-clang | 1.2.0 | 5.28 | 68.13 | 73.41 | NOTE | |
r-devel-linux-x86_64-debian-gcc | 1.2.0 | 3.99 | 50.00 | 53.99 | NOTE | |
r-devel-linux-x86_64-fedora-clang | 1.2.0 | 96.05 | NOTE | |||
r-devel-linux-x86_64-fedora-gcc | 1.2.0 | 117.61 | NOTE | |||
r-devel-windows-x86_64 | 1.2.0 | 8.00 | 79.00 | 87.00 | NOTE | |
r-patched-linux-x86_64 | 1.2.0 | 6.04 | 62.94 | 68.98 | OK | |
r-release-linux-x86_64 | 1.2.0 | 5.56 | 63.17 | 68.73 | OK | |
r-release-macos-arm64 | 1.2.0 | 43.00 | OK | |||
r-release-macos-x86_64 | 1.2.0 | 133.00 | OK | |||
r-release-windows-x86_64 | 1.2.0 | 8.00 | 78.00 | 86.00 | OK | |
r-oldrel-macos-arm64 | 1.2.0 | 56.00 | OK | |||
r-oldrel-macos-x86_64 | 1.2.0 | 140.00 | OK | |||
r-oldrel-windows-x86_64 | 1.2.0 | 11.00 | 80.00 | 91.00 | OK |
Version: 1.2.0
Check: compiled code
Result: NOTE
File ‘box/libs/box.so’:
Found non-API call to R: ‘SET_ENVFLAGS’
Compiled code should not call non-API entry points in R.
See ‘Writing portable packages’ in the ‘Writing R Extensions’ manual.
Flavors: r-devel-linux-x86_64-debian-clang, r-devel-linux-x86_64-debian-gcc, r-devel-linux-x86_64-fedora-clang, r-devel-linux-x86_64-fedora-gcc
Version: 1.2.0
Check: compiled code
Result: NOTE
File 'box/libs/x64/box.dll':
Found non-API call to R: 'SET_ENVFLAGS'
Compiled code should not call non-API entry points in R.
See 'Writing portable packages' in the 'Writing R Extensions' manual.
Flavor: r-devel-windows-x86_64