Last updated on 2025-10-21 19:51:18 CEST.
Flavor | Version | Tinstall | Tcheck | Ttotal | Status | Flags |
---|---|---|---|---|---|---|
r-devel-linux-x86_64-debian-clang | 1.0.15 | 13.62 | 95.27 | 108.89 | NOTE | |
r-devel-linux-x86_64-debian-gcc | 1.0.15 | 9.94 | 69.96 | 79.90 | NOTE | |
r-devel-linux-x86_64-fedora-clang | 1.0.15 | 74.00 | 103.25 | 177.25 | OK | |
r-devel-linux-x86_64-fedora-gcc | 1.0.15 | 36.00 | 146.38 | 182.38 | OK | |
r-devel-windows-x86_64 | 1.0.15 | 21.00 | 127.00 | 148.00 | OK | |
r-patched-linux-x86_64 | 1.0.15 | 17.00 | 91.67 | 108.67 | OK | |
r-release-linux-x86_64 | 1.0.15 | 14.71 | 91.63 | 106.34 | OK | |
r-release-macos-arm64 | 1.0.15 | 8.00 | 51.00 | 59.00 | OK | |
r-release-macos-x86_64 | 1.0.15 | 15.00 | 95.00 | 110.00 | OK | |
r-release-windows-x86_64 | 1.0.15 | 22.00 | 127.00 | 149.00 | OK | |
r-oldrel-macos-arm64 | 1.0.15 | 8.00 | 46.00 | 54.00 | OK | |
r-oldrel-macos-x86_64 | 1.0.15 | 13.00 | 81.00 | 94.00 | OK | |
r-oldrel-windows-x86_64 | 1.0.15 | 28.00 | 146.00 | 174.00 | OK |
Version: 1.0.15
Check: HTML version of manual
Result: NOTE
Found the following HTML validation problems:
bn-set.html:53:1 (bn-set.Rd:16): Warning: missing </ul> before </div>
boots-set.html:53:1 (boots-set.Rd:16): Warning: missing </ul> before </div>
dag-set.html:54:1 (dag-set.Rd:17): Warning: missing </ul> before </div>
discreteness-set.html:56:1 (discreteness-set.Rd:20): Warning: missing </ul> before </div>
imp.boots-set.html:53:1 (imp.boots-set.Rd:16): Warning: missing </ul> before </div>
jt.cliques-set.html:53:1 (jt.cliques-set.Rd:16): Warning: missing </ul> before </div>
junction.tree-set.html:53:1 (junction.tree-set.Rd:16): Warning: missing </ul> before </div>
name-set.html:56:1 (name-set.Rd:20): Warning: missing </ul> before </div>
node.sizes-set.html:57:1 (node.sizes-set.Rd:20): Warning: missing </ul> before </div>
num.boots-set.html:53:1 (num.boots-set.Rd:16): Warning: missing </ul> before </div>
num.items-set.html:53:1 (num.items-set.Rd:16): Warning: missing </ul> before </div>
num.nodes-set.html:57:1 (num.nodes-set.Rd:20): Warning: missing </ul> before </div>
num.time.steps-set.html:56:1 (num.time.steps-set.Rd:20): Warning: missing </ul> before </div>
num.variables-set.html:53:1 (num.variables-set.Rd:16): Warning: missing </ul> before </div>
plot.html:92:1 (plot.Rd:42): Warning: missing </ul> before </div>
print.html:69:1 (print.Rd:32): Warning: missing </ul> before </div>
shd.html:52:1 (shd.Rd:12): Warning: missing </ul> before </div>
show.html:47:1 (show.Rd:15): Warning: missing </ul> before </div>
updated.bn-set.html:53:1 (updated.bn-set.Rd:16): Warning: missing </ul> before </div>
variables-set.html:57:1 (variables-set.Rd:21): Warning: missing </ul> before </div>
wpdag-set.html:53:1 (wpdag-set.Rd:16): Warning: missing </ul> before </div>
write.dsc.html:53:1 (write.dsc.Rd:16): Warning: missing </ul> before </div>
write_xgmml.html:85:1 (write_xgmml.Rd:39): Warning: missing </ul> before </div>
Flavors: r-devel-linux-x86_64-debian-clang, r-devel-linux-x86_64-debian-gcc