Last updated on 2025-05-25 02:50:02 CEST.
Flavor | Version | Tinstall | Tcheck | Ttotal | Status | Flags |
---|---|---|---|---|---|---|
r-devel-linux-x86_64-debian-clang | 1.7 | 8.05 | 29.09 | 37.14 | NOTE | |
r-devel-linux-x86_64-debian-gcc | 1.7 | 6.40 | 23.25 | 29.65 | NOTE | |
r-devel-linux-x86_64-fedora-clang | 1.7 | 66.52 | OK | |||
r-devel-linux-x86_64-fedora-gcc | 1.7 | 58.11 | OK | |||
r-devel-windows-x86_64 | 1.7 | 15.00 | 105.00 | 120.00 | OK | |
r-patched-linux-x86_64 | 1.7 | 8.13 | 27.00 | 35.13 | OK | |
r-release-linux-x86_64 | 1.7 | 7.90 | 26.66 | 34.56 | OK | |
r-release-macos-arm64 | 1.7 | 26.00 | OK | |||
r-release-macos-x86_64 | 1.7 | 34.00 | OK | |||
r-release-windows-x86_64 | 1.7 | 15.00 | 55.00 | 70.00 | OK | |
r-oldrel-macos-arm64 | 1.7 | 21.00 | OK | |||
r-oldrel-macos-x86_64 | 1.7 | 30.00 | OK | |||
r-oldrel-windows-x86_64 | 1.7 | 17.00 | 63.00 | 80.00 | OK |
Version: 1.7
Check: CRAN incoming feasibility
Result: NOTE
Maintainer: ‘Reza Mohammadi <a.mohammadi@uva.nl>’
Package CITATION file contains call(s) to old-style personList() or
as.personList(). Please use c() on person objects instead.
Package CITATION file contains call(s) to old-style citEntry(). Please
use bibentry() instead.
Flavors: r-devel-linux-x86_64-debian-clang, r-devel-linux-x86_64-debian-gcc