Last updated on 2025-05-24 21:50:36 CEST.
Flavor | Version | Tinstall | Tcheck | Ttotal | Status | Flags |
---|---|---|---|---|---|---|
r-devel-linux-x86_64-debian-clang | 0.5-8 | 720.67 | 219.06 | 939.73 | OK | |
r-devel-linux-x86_64-debian-gcc | 0.5-8 | 511.67 | 168.34 | 680.01 | OK | |
r-devel-linux-x86_64-fedora-clang | 0.5-8 | 1147.61 | OK | |||
r-devel-linux-x86_64-fedora-gcc | 0.5-8 | 1745.37 | OK | |||
r-devel-windows-x86_64 | 0.5-8 | 510.00 | 250.00 | 760.00 | OK | |
r-patched-linux-x86_64 | 0.5-8 | 638.02 | 233.39 | 871.41 | OK | |
r-release-linux-x86_64 | 0.5-8 | 663.22 | 230.65 | 893.87 | OK | |
r-release-macos-arm64 | 0.5-8 | 337.00 | OK | |||
r-release-macos-x86_64 | 0.5-8 | 908.00 | OK | |||
r-release-windows-x86_64 | 0.5-8 | 505.00 | 241.00 | 746.00 | OK | |
r-oldrel-macos-arm64 | 0.5-8 | 174.00 | NOTE | |||
r-oldrel-macos-x86_64 | 0.5-8 | 307.00 | NOTE | |||
r-oldrel-windows-x86_64 | 0.5-8 | 668.00 | 313.00 | 981.00 | NOTE |
Version: 0.5-8
Check: package dependencies
Result: NOTE
Packages suggested but not available for checking: 'cmdstanr', 'blavsam'
Flavors: r-oldrel-macos-arm64, r-oldrel-macos-x86_64, r-oldrel-windows-x86_64
Version: 0.5-8
Check: installed package size
Result: NOTE
installed size is 159.1Mb
sub-directories of 1Mb or more:
R 2.1Mb
libs 155.3Mb
testdata 1.4Mb
Flavors: r-oldrel-macos-arm64, r-oldrel-macos-x86_64, r-oldrel-windows-x86_64
Version: 0.5-8
Check: for GNU extensions in Makefiles
Result: NOTE
GNU make is a SystemRequirements.
Flavors: r-oldrel-macos-arm64, r-oldrel-macos-x86_64, r-oldrel-windows-x86_64