CRAN Package Check Results for Package biostat3

Last updated on 2025-07-28 16:49:53 CEST.

Flavor Version Tinstall Tcheck Ttotal Status Flags
r-devel-linux-x86_64-debian-clang 0.2.3 6.59 60.32 66.91 OK
r-devel-linux-x86_64-debian-gcc 0.2.3 5.66 47.46 53.12 OK
r-devel-linux-x86_64-fedora-clang 0.2.3 103.80 OK
r-devel-linux-x86_64-fedora-gcc 0.2.3 104.34 OK
r-devel-windows-x86_64 0.2.3 14.00 76.00 90.00 OK
r-patched-linux-x86_64 0.2.2 8.21 58.85 67.06 NOTE
r-release-linux-x86_64 0.2.3 7.26 58.37 65.63 OK
r-release-macos-arm64 0.2.3 36.00 OK
r-release-macos-x86_64 0.2.3 84.00 OK
r-release-windows-x86_64 0.2.3 9.00 79.00 88.00 OK
r-oldrel-macos-arm64 0.2.3 37.00 NOTE
r-oldrel-macos-x86_64 0.2.3 75.00 NOTE
r-oldrel-windows-x86_64 0.2.3 15.00 93.00 108.00 NOTE

Check Details

Version: 0.2.2
Check: DESCRIPTION meta-information
Result: NOTE Missing dependency on R >= 4.1.0 because package code uses the pipe |> or function shorthand \(...) syntax added in R 4.1.0. File(s) using such syntax: ‘poisson.ci.R’ Flavor: r-patched-linux-x86_64

Version: 0.2.3
Check: installed package size
Result: NOTE installed size is 7.9Mb sub-directories of 1Mb or more: doc 7.3Mb Flavors: r-oldrel-macos-arm64, r-oldrel-macos-x86_64, r-oldrel-windows-x86_64