Last updated on 2024-05-04 15:47:53 CEST.
Flavor | Version | Tinstall | Tcheck | Ttotal | Status | Flags |
---|---|---|---|---|---|---|
r-devel-linux-x86_64-debian-clang | 1.6.3 | 4.43 | 80.82 | 85.25 | NOTE | |
r-devel-linux-x86_64-debian-gcc | 1.6.3 | 3.85 | 57.67 | 61.52 | NOTE | |
r-devel-linux-x86_64-fedora-clang | 1.6.3 | 105.28 | NOTE | |||
r-devel-linux-x86_64-fedora-gcc | 1.6.3 | 118.36 | NOTE | |||
r-devel-windows-x86_64 | 1.6.3 | 6.00 | 89.00 | 95.00 | NOTE | |
r-patched-linux-x86_64 | 1.6.3 | 4.88 | 80.93 | 85.81 | NOTE | |
r-release-linux-x86_64 | 1.6.3 | 5.34 | 78.83 | 84.17 | NOTE | |
r-release-macos-arm64 | 1.6.3 | 43.00 | NOTE | |||
r-release-windows-x86_64 | 1.6.3 | 5.00 | 88.00 | 93.00 | NOTE | |
r-oldrel-macos-arm64 | 1.6.3 | 42.00 | OK | |||
r-oldrel-macos-x86_64 | 1.6.3 | 65.00 | OK | |||
r-oldrel-windows-x86_64 | 1.6.3 | 7.00 | 99.00 | 106.00 | OK |
Version: 1.6.3
Check: Rd files
Result: NOTE
checkRd: (-1) calc_ed.Rd:14: Lost braces; missing escapes or markup?
14 | of groups or less than \code{a}. Both \code{a} and {b} must have the the same
| ^
checkRd: (-1) calc_pi.Rd:14: Lost braces; missing escapes or markup?
14 | of groups or less than \code{a}. Both \code{a} and {b} must have the the same
| ^
checkRd: (-1) calc_si.Rd:14: Lost braces; missing escapes or markup?
14 | of groups or less than \code{a}. Both \code{a} and {b} must have the the same
| ^
checkRd: (-1) cluster_reg_exp.Rd:15: Lost braces in \itemize; \value handles \item{}{} directly
checkRd: (-1) cluster_reg_exp.Rd:16: Lost braces in \itemize; \value handles \item{}{} directly
checkRd: (-1) cluster_reg_exp.Rd:17: Lost braces in \itemize; \value handles \item{}{} directly
checkRd: (-1) cluster_reg_exp.Rd:18: Lost braces in \itemize; \value handles \item{}{} directly
Flavors: r-devel-linux-x86_64-debian-clang, r-devel-linux-x86_64-debian-gcc, r-devel-linux-x86_64-fedora-clang, r-devel-linux-x86_64-fedora-gcc, r-devel-windows-x86_64, r-patched-linux-x86_64, r-release-linux-x86_64, r-release-macos-arm64, r-release-windows-x86_64
Version: 1.6.3
Check: Rd cross-references
Result: NOTE
Undeclared package ‘seqinr’ in Rd xrefs
Flavor: r-devel-linux-x86_64-fedora-clang