Last updated on 2025-11-02 09:48:29 CET.
| Flavor | Version | Tinstall | Tcheck | Ttotal | Status | Flags |
|---|---|---|---|---|---|---|
| r-devel-linux-x86_64-debian-clang | 0.2.2 | 1.55 | 19.42 | 20.97 | NOTE | |
| r-devel-linux-x86_64-debian-gcc | 0.2.2 | 1.31 | 16.79 | 18.10 | NOTE | |
| r-devel-linux-x86_64-fedora-clang | 0.2.2 | 29.93 | NOTE | |||
| r-devel-linux-x86_64-fedora-gcc | 0.2.2 | 27.68 | NOTE | |||
| r-devel-windows-x86_64 | 0.2.2 | 3.00 | 36.00 | 39.00 | NOTE | |
| r-patched-linux-x86_64 | 0.2.2 | 1.48 | 16.87 | 18.35 | NOTE | |
| r-release-linux-x86_64 | 0.2.2 | 1.31 | 16.72 | 18.03 | NOTE | |
| r-release-macos-arm64 | 0.2.2 | 1.00 | 14.00 | 15.00 | NOTE | |
| r-release-macos-x86_64 | 0.2.2 | 2.00 | 27.00 | 29.00 | NOTE | |
| r-release-windows-x86_64 | 0.2.2 | 2.00 | 36.00 | 38.00 | NOTE | |
| r-oldrel-macos-arm64 | 0.2.2 | 1.00 | 15.00 | 16.00 | OK | |
| r-oldrel-macos-x86_64 | 0.2.2 | 1.00 | 18.00 | 19.00 | OK | |
| r-oldrel-windows-x86_64 | 0.2.2 | 2.00 | 42.00 | 44.00 | OK |
Version: 0.2.2
Check: DESCRIPTION meta-information
Result: NOTE
Missing dependency on R >= 4.1.0 because package code uses the pipe
|> or function shorthand \(...) syntax added in R 4.1.0.
File(s) using such syntax:
‘bbassets.R’
Flavors: r-devel-linux-x86_64-debian-clang, r-devel-linux-x86_64-debian-gcc, r-devel-linux-x86_64-fedora-clang, r-devel-linux-x86_64-fedora-gcc, r-devel-windows-x86_64, r-patched-linux-x86_64, r-release-linux-x86_64, r-release-macos-arm64, r-release-macos-x86_64, r-release-windows-x86_64