Last updated on 2024-05-11 10:48:28 CEST.
Flavor | Version | Tinstall | Tcheck | Ttotal | Status | Flags |
---|---|---|---|---|---|---|
r-devel-linux-x86_64-debian-clang | 0.6.4 | 3.94 | 54.47 | 58.41 | NOTE | |
r-devel-linux-x86_64-debian-gcc | 0.6.4 | 3.90 | 41.15 | 45.05 | NOTE | |
r-devel-linux-x86_64-fedora-clang | 0.6.4 | 75.75 | NOTE | |||
r-devel-linux-x86_64-fedora-gcc | 0.6.4 | 121.06 | NOTE | |||
r-devel-windows-x86_64 | 0.6.4 | 5.00 | 62.00 | 67.00 | NOTE | |
r-patched-linux-x86_64 | 0.6.4 | 3.93 | 52.62 | 56.55 | NOTE | |
r-release-linux-x86_64 | 0.6.4 | 5.11 | 54.04 | 59.15 | NOTE | |
r-release-macos-arm64 | 0.6.4 | 26.00 | NOTE | |||
r-release-windows-x86_64 | 0.6.4 | 5.00 | 62.00 | 67.00 | NOTE | |
r-oldrel-macos-arm64 | 0.6.4 | 30.00 | NOTE | |||
r-oldrel-macos-x86_64 | 0.6.4 | 40.00 | NOTE | |||
r-oldrel-windows-x86_64 | 0.6.4 | 6.00 | 65.00 | 71.00 | NOTE |
Version: 0.6.4
Check: package dependencies
Result: NOTE
Package suggested but not available for checking: ‘rrelaxiv’
Flavors: r-devel-linux-x86_64-debian-clang, r-devel-linux-x86_64-debian-gcc, r-devel-linux-x86_64-fedora-clang, r-devel-linux-x86_64-fedora-gcc, r-devel-windows-x86_64, r-patched-linux-x86_64, r-release-linux-x86_64, r-release-macos-arm64, r-release-windows-x86_64, r-oldrel-macos-arm64, r-oldrel-macos-x86_64, r-oldrel-windows-x86_64