Last updated on 2024-05-11 08:48:29 CEST.
Flavor | Version | Tinstall | Tcheck | Ttotal | Status | Flags |
---|---|---|---|---|---|---|
r-devel-linux-x86_64-debian-clang | 0.9-2 | 3.92 | 35.39 | 39.31 | OK | |
r-devel-linux-x86_64-debian-gcc | 0.9-2 | 3.57 | 26.57 | 30.14 | OK | |
r-devel-linux-x86_64-fedora-clang | 0.9-2 | 49.49 | OK | |||
r-devel-linux-x86_64-fedora-gcc | 0.9-2 | 80.99 | OK | |||
r-devel-windows-x86_64 | 0.9-2 | 7.00 | 49.00 | 56.00 | OK | |
r-patched-linux-x86_64 | 0.9-2 | 4.01 | 33.20 | 37.21 | OK | |
r-release-linux-x86_64 | 0.9-2 | 4.36 | 33.57 | 37.93 | OK | |
r-release-macos-arm64 | 0.9-2 | 19.00 | OK | |||
r-release-windows-x86_64 | 0.9-2 | 7.00 | 47.00 | 54.00 | OK | |
r-oldrel-macos-arm64 | 0.9-2 | 22.00 | OK | |||
r-oldrel-macos-x86_64 | 0.9-2 | 26.00 | NOTE | |||
r-oldrel-windows-x86_64 | 0.9-2 | 8.00 | 48.00 | 56.00 | OK |
Version: 0.9-2
Check: package dependencies
Result: NOTE
Package suggested but not available for checking: ‘RODBC’
Flavor: r-oldrel-macos-x86_64