Last updated on 2024-05-11 14:48:05 CEST.
Flavor | Version | Tinstall | Tcheck | Ttotal | Status | Flags |
---|---|---|---|---|---|---|
r-devel-linux-x86_64-debian-clang | 0.2.3 | 10.46 | 172.83 | 183.29 | OK | |
r-devel-linux-x86_64-debian-gcc | 0.2.3 | 8.42 | 123.05 | 131.47 | OK | |
r-devel-linux-x86_64-fedora-clang | 0.2.3 | 222.81 | NOTE | |||
r-devel-linux-x86_64-fedora-gcc | 0.2.3 | 276.93 | NOTE | |||
r-devel-windows-x86_64 | 0.2.3 | 10.00 | 132.00 | 142.00 | OK | |
r-patched-linux-x86_64 | 0.2.3 | 10.97 | 158.11 | 169.08 | OK | |
r-release-linux-x86_64 | 0.2.3 | 9.53 | 162.59 | 172.12 | OK | |
r-release-macos-arm64 | 0.2.3 | 61.00 | OK | |||
r-release-windows-x86_64 | 0.2.3 | 10.00 | 135.00 | 145.00 | OK | |
r-oldrel-macos-arm64 | 0.2.3 | 68.00 | OK | |||
r-oldrel-macos-x86_64 | 0.2.3 | 115.00 | OK | |||
r-oldrel-windows-x86_64 | 0.2.3 | 13.00 | 163.00 | 176.00 | OK |
Version: 0.2.3
Check: dependencies in R code
Result: NOTE
Namespace in Imports field not imported from: ‘nycflights13’
All declared Imports should be used.
Flavors: r-devel-linux-x86_64-fedora-clang, r-devel-linux-x86_64-fedora-gcc