Last updated on 2024-05-07 18:49:39 CEST.
Flavor | Version | Tinstall | Tcheck | Ttotal | Status | Flags |
---|---|---|---|---|---|---|
r-devel-linux-x86_64-debian-clang | 1.2.1 | 190.66 | 194.48 | 385.14 | OK | |
r-devel-linux-x86_64-debian-gcc | 1.2.1 | 138.10 | 132.31 | 270.41 | OK | |
r-devel-linux-x86_64-fedora-clang | 1.2.1 | 533.30 | OK | |||
r-devel-linux-x86_64-fedora-gcc | 1.2.1 | 552.47 | OK | |||
r-devel-windows-x86_64 | 1.2.1 | 154.00 | 190.00 | 344.00 | OK | |
r-patched-linux-x86_64 | 1.2.1 | 181.40 | 179.21 | 360.61 | OK | |
r-release-linux-x86_64 | 1.2.1 | 177.37 | 180.57 | 357.94 | OK | |
r-release-macos-arm64 | 1.2.1 | 108.00 | NOTE | |||
r-release-macos-x86_64 | 1.2.1 | 216.00 | NOTE | |||
r-release-windows-x86_64 | 1.2.1 | 144.00 | 185.00 | 329.00 | OK | |
r-oldrel-macos-arm64 | 1.2.1 | 100.00 | NOTE | |||
r-oldrel-macos-x86_64 | 1.2.1 | 176.00 | NOTE | |||
r-oldrel-windows-x86_64 | 1.2.1 | 177.00 | 223.00 | 400.00 | OK |
Version: 1.2.1
Check: installed package size
Result: NOTE
installed size is 5.4Mb
sub-directories of 1Mb or more:
libs 4.9Mb
Flavors: r-release-macos-arm64, r-release-macos-x86_64, r-oldrel-macos-arm64, r-oldrel-macos-x86_64