Last updated on 2025-10-31 20:48:34 CET.
| Flavor | Version | Tinstall | Tcheck | Ttotal | Status | Flags | 
|---|---|---|---|---|---|---|
| r-devel-linux-x86_64-debian-clang | 0.1.5 | 2.59 | 52.70 | 55.29 | NOTE | |
| r-devel-linux-x86_64-debian-gcc | 0.1.5 | 1.84 | 41.53 | 43.37 | NOTE | |
| r-devel-linux-x86_64-fedora-clang | 0.1.5 | 11.00 | 60.75 | 71.75 | OK | |
| r-devel-linux-x86_64-fedora-gcc | 0.1.5 | 63.59 | OK | |||
| r-devel-windows-x86_64 | 0.1.5 | 4.00 | 62.00 | 66.00 | OK | |
| r-patched-linux-x86_64 | 0.1.5 | 2.86 | 43.47 | 46.33 | OK | |
| r-release-linux-x86_64 | 0.1.5 | 2.68 | 43.90 | 46.58 | OK | |
| r-release-macos-arm64 | 0.1.5 | 1.00 | 25.00 | 26.00 | OK | |
| r-release-macos-x86_64 | 0.1.5 | 4.00 | 61.00 | 65.00 | OK | |
| r-release-windows-x86_64 | 0.1.5 | 4.00 | 63.00 | 67.00 | OK | |
| r-oldrel-macos-arm64 | 0.1.5 | 1.00 | 27.00 | 28.00 | OK | |
| r-oldrel-macos-x86_64 | 0.1.5 | 3.00 | 53.00 | 56.00 | OK | |
| r-oldrel-windows-x86_64 | 0.1.5 | 6.00 | 70.00 | 76.00 | OK | 
Version: 0.1.5
Check: CRAN incoming feasibility
Result: NOTE
  Maintainer: ‘Carlos Cinelli <carloscinelli@hotmail.com>’
  
  No Authors@R field in DESCRIPTION.
  Please add one, modifying
    Authors@R: person(given = "Carlos",
                      family = "Cinelli",
                      role = c("aut", "cre"),
                      email = "carloscinelli@hotmail.com")
  as necessary.
Flavors: r-devel-linux-x86_64-debian-clang, r-devel-linux-x86_64-debian-gcc