Last updated on 2025-05-24 10:51:00 CEST.
Flavor | Version | Tinstall | Tcheck | Ttotal | Status | Flags |
---|---|---|---|---|---|---|
r-devel-linux-x86_64-debian-clang | 0.0.2.2 | 227.21 | 217.03 | 444.24 | OK | |
r-devel-linux-x86_64-debian-gcc | 0.0.2.2 | 221.57 | 167.23 | 388.80 | OK | |
r-devel-linux-x86_64-fedora-clang | 0.0.2.2 | 689.73 | NOTE | |||
r-devel-linux-x86_64-fedora-gcc | 0.0.2.2 | 901.47 | NOTE | |||
r-devel-windows-x86_64 | 0.0.2.2 | 256.00 | 334.00 | 590.00 | OK | |
r-patched-linux-x86_64 | 0.0.2.2 | 272.10 | 224.04 | 496.14 | OK | |
r-release-linux-x86_64 | 0.0.2.2 | 289.52 | 225.97 | 515.49 | OK | |
r-release-macos-arm64 | 0.0.2.2 | 189.00 | OK | |||
r-release-macos-x86_64 | 0.0.2.2 | 380.00 | OK | |||
r-release-windows-x86_64 | 0.0.2.2 | 277.00 | 356.00 | 633.00 | OK | |
r-oldrel-macos-arm64 | 0.0.2.2 | 177.00 | NOTE | |||
r-oldrel-macos-x86_64 | 0.0.2.2 | 242.00 | NOTE | |||
r-oldrel-windows-x86_64 | 0.0.2.2 | 297.00 | 350.00 | 647.00 | NOTE |
Version: 0.0.2.2
Check: dependencies in R code
Result: NOTE
Namespace in Imports field not imported from: ‘rstantools’
All declared Imports should be used.
Flavors: r-devel-linux-x86_64-fedora-clang, r-devel-linux-x86_64-fedora-gcc
Version: 0.0.2.2
Check: installed package size
Result: NOTE
installed size is 54.9Mb
sub-directories of 1Mb or more:
libs 54.5Mb
Flavors: r-oldrel-macos-arm64, r-oldrel-macos-x86_64
Version: 0.0.2.2
Check: for GNU extensions in Makefiles
Result: NOTE
GNU make is a SystemRequirements.
Flavors: r-oldrel-macos-arm64, r-oldrel-macos-x86_64, r-oldrel-windows-x86_64