Last updated on 2025-10-31 20:48:33 CET.
| Flavor | Version | Tinstall | Tcheck | Ttotal | Status | Flags | 
|---|---|---|---|---|---|---|
| r-devel-linux-x86_64-debian-clang | 0.1.4 | 83.43 | 52.44 | 135.87 | OK | |
| r-devel-linux-x86_64-debian-gcc | 0.1.4 | 55.33 | 40.17 | 95.50 | OK | |
| r-devel-linux-x86_64-fedora-clang | 0.1.4 | 143.00 | 98.02 | 241.02 | OK | |
| r-devel-linux-x86_64-fedora-gcc | 0.1.4 | 75.00 | 165.40 | 240.40 | OK | |
| r-devel-windows-x86_64 | 0.1.4 | 86.00 | 101.00 | 187.00 | OK | |
| r-patched-linux-x86_64 | 0.1.4 | 89.00 | 52.28 | 141.28 | OK | |
| r-release-linux-x86_64 | 0.1.4 | 84.36 | 52.69 | 137.05 | OK | |
| r-release-macos-arm64 | 0.1.4 | 45.00 | 58.00 | 103.00 | OK | |
| r-release-macos-x86_64 | 0.1.4 | 56.00 | 60.00 | 116.00 | OK | |
| r-release-windows-x86_64 | 0.1.4 | 97.00 | 86.00 | 183.00 | OK | |
| r-oldrel-macos-arm64 | 0.1.4 | 31.00 | 32.00 | 63.00 | NOTE | |
| r-oldrel-macos-x86_64 | 0.1.4 | 51.00 | 65.00 | 116.00 | NOTE | |
| r-oldrel-windows-x86_64 | 0.1.4 | 80.00 | 113.00 | 193.00 | OK | 
Version: 0.1.4
Check: installed package size
Result: NOTE
    installed size is 12.8Mb
    sub-directories of 1Mb or more:
      libs  12.6Mb
Flavors: r-oldrel-macos-arm64, r-oldrel-macos-x86_64