Last updated on 2025-05-28 21:49:59 CEST.
Flavor | Version | Tinstall | Tcheck | Ttotal | Status | Flags |
---|---|---|---|---|---|---|
r-devel-linux-x86_64-debian-clang | 0.9.0 | 2.71 | 29.66 | 32.37 | NOTE | |
r-devel-linux-x86_64-debian-gcc | 0.9.0 | 1.98 | 23.14 | 25.12 | NOTE | |
r-devel-linux-x86_64-fedora-clang | 0.9.0 | 50.91 | OK | |||
r-devel-linux-x86_64-fedora-gcc | 0.9.0 | 49.77 | OK | |||
r-devel-windows-x86_64 | 0.9.0 | 5.00 | 50.00 | 55.00 | OK | |
r-patched-linux-x86_64 | 0.9.0 | 2.90 | 28.55 | 31.45 | OK | |
r-release-linux-x86_64 | 0.9.0 | 2.83 | 28.66 | 31.49 | OK | |
r-release-macos-arm64 | 0.9.0 | 28.00 | OK | |||
r-release-macos-x86_64 | 0.9.0 | 37.00 | OK | |||
r-release-windows-x86_64 | 0.9.0 | 5.00 | 57.00 | 62.00 | OK | |
r-oldrel-macos-arm64 | 0.9.0 | 20.00 | OK | |||
r-oldrel-macos-x86_64 | 0.9.0 | 32.00 | OK | |||
r-oldrel-windows-x86_64 | 0.9.0 | 7.00 | 56.00 | 63.00 | OK |
Version: 0.9.0
Check: CRAN incoming feasibility
Result: NOTE
Maintainer: ‘Eduardo Flores <eduardo@enelmargen.org>’
No Authors@R field in DESCRIPTION.
Please add one, modifying
Authors@R: person(given = "Eduardo",
family = "Flores",
role = c("aut", "cre"),
email = "eduardo@enelmargen.org")
as necessary.
Flavors: r-devel-linux-x86_64-debian-clang, r-devel-linux-x86_64-debian-gcc