Last updated on 2025-05-23 13:49:28 CEST.
Flavor | Version | Tinstall | Tcheck | Ttotal | Status | Flags |
---|---|---|---|---|---|---|
r-devel-linux-x86_64-debian-clang | 0.2.2 | 1.83 | 24.44 | 26.27 | NOTE | |
r-devel-linux-x86_64-debian-gcc | 0.2.2 | 1.46 | 20.08 | 21.54 | NOTE | |
r-devel-linux-x86_64-fedora-clang | 0.2.2 | 41.95 | NOTE | |||
r-devel-linux-x86_64-fedora-gcc | 0.2.2 | 54.46 | NOTE | |||
r-devel-windows-x86_64 | 0.2.2 | 3.00 | 87.00 | 90.00 | NOTE | |
r-patched-linux-x86_64 | 0.2.2 | 1.98 | 24.11 | 26.09 | NOTE | |
r-release-linux-x86_64 | 0.2.2 | 1.84 | 23.75 | 25.59 | NOTE | |
r-release-macos-arm64 | 0.2.2 | 24.00 | NOTE | |||
r-release-macos-x86_64 | 0.2.2 | 45.00 | NOTE | |||
r-release-windows-x86_64 | 0.2.2 | 3.00 | 75.00 | 78.00 | NOTE | |
r-oldrel-macos-arm64 | 0.2.2 | 28.00 | OK | |||
r-oldrel-macos-x86_64 | 0.2.2 | 43.00 | OK | |||
r-oldrel-windows-x86_64 | 0.2.2 | 3.00 | 48.00 | 51.00 | OK |
Version: 0.2.2
Check: DESCRIPTION meta-information
Result: NOTE
Missing dependency on R >= 4.1.0 because package code uses the pipe
|> or function shorthand \(...) syntax added in R 4.1.0.
File(s) using such syntax:
‘round_rect.r’ ‘waffle.r’
Flavors: r-devel-linux-x86_64-debian-clang, r-devel-linux-x86_64-debian-gcc, r-devel-linux-x86_64-fedora-clang, r-devel-linux-x86_64-fedora-gcc, r-devel-windows-x86_64, r-patched-linux-x86_64, r-release-linux-x86_64, r-release-macos-arm64, r-release-macos-x86_64, r-release-windows-x86_64