Last updated on 2025-11-23 14:53:44 CET.
| Flavor | Version | Tinstall | Tcheck | Ttotal | Status | Flags |
|---|---|---|---|---|---|---|
| r-devel-linux-x86_64-debian-clang | 0.2.8 | 2.51 | 34.16 | 36.67 | OK | |
| r-devel-linux-x86_64-debian-gcc | 0.2.8 | 1.66 | 27.05 | 28.71 | OK | |
| r-devel-linux-x86_64-fedora-clang | 0.2.8 | 55.72 | OK | |||
| r-devel-windows-x86_64 | 0.2.8 | 4.00 | 60.00 | 64.00 | OK | |
| r-patched-linux-x86_64 | 0.2.8 | 2.19 | 31.76 | 33.95 | OK | |
| r-release-linux-x86_64 | 0.2.8 | 2.11 | 31.55 | 33.66 | OK | |
| r-release-macos-arm64 | 0.2.8 | OK | ||||
| r-release-macos-x86_64 | 0.2.8 | 2.00 | 57.00 | 59.00 | OK | |
| r-release-windows-x86_64 | 0.2.8 | 4.00 | 71.00 | 75.00 | OK | |
| r-oldrel-macos-arm64 | 0.2.8 | NOTE | ||||
| r-oldrel-macos-x86_64 | 0.2.8 | 2.00 | 48.00 | 50.00 | NOTE | |
| r-oldrel-windows-x86_64 | 0.2.8 | 4.00 | 67.00 | 71.00 | NOTE |
Version: 0.2.8
Check: LazyData
Result: NOTE
'LazyData' is specified without a 'data' directory
Flavors: r-oldrel-macos-arm64, r-oldrel-macos-x86_64, r-oldrel-windows-x86_64