CRAN Package Check Results for Package arima2

Last updated on 2025-07-03 05:50:24 CEST.

Flavor Version Tinstall Tcheck Ttotal Status Flags
r-devel-linux-x86_64-debian-clang 3.4.0 9.29 68.27 77.56 OK
r-devel-linux-x86_64-debian-gcc 3.4.0 5.86 45.97 51.83 OK
r-devel-linux-x86_64-fedora-clang 3.4.0 117.67 OK
r-devel-linux-x86_64-fedora-gcc 3.4.0 121.09 OK
r-devel-windows-x86_64 3.4.0 12.00 78.00 90.00 OK
r-patched-linux-x86_64 3.4.0 7.31 61.84 69.15 OK
r-release-linux-x86_64 3.4.0 8.44 62.67 71.11 OK
r-release-macos-arm64 3.3.0 40.00 NOTE
r-release-macos-x86_64 3.4.0 66.00 OK
r-release-windows-x86_64 3.3.0 13.00 77.00 90.00 NOTE
r-oldrel-macos-arm64 3.3.0 34.00 OK
r-oldrel-macos-x86_64 3.4.0 64.00 OK
r-oldrel-windows-x86_64 3.4.0 15.00 98.00 113.00 OK

Check Details

Version: 3.3.0
Check: DESCRIPTION meta-information
Result: NOTE Missing dependency on R >= 4.1.0 because package code uses the pipe |> or function shorthand \(...) syntax added in R 4.1.0. File(s) using such syntax: ‘sample_ARMA_coef.R’ Flavors: r-release-macos-arm64, r-release-windows-x86_64