Last updated on 2025-07-25 22:50:38 CEST.
Flavor | Version | Tinstall | Tcheck | Ttotal | Status | Flags |
---|---|---|---|---|---|---|
r-devel-linux-x86_64-debian-clang | 0.3.3 | 107.96 | 35.32 | 143.28 | OK | |
r-devel-linux-x86_64-debian-gcc | 0.3.3 | 87.49 | 26.50 | 113.99 | OK | |
r-devel-linux-x86_64-fedora-clang | 0.3.3 | 252.58 | OK | |||
r-devel-linux-x86_64-fedora-gcc | 0.3.3 | 242.12 | OK | |||
r-devel-windows-x86_64 | 0.3.3 | 115.00 | 72.00 | 187.00 | OK | |
r-patched-linux-x86_64 | 0.3.3 | 111.18 | 31.50 | 142.68 | OK | |
r-release-linux-x86_64 | 0.3.3 | 109.08 | 31.59 | 140.67 | OK | |
r-release-macos-arm64 | 0.3.3 | 65.00 | OK | |||
r-release-macos-x86_64 | 0.3.3 | 145.00 | OK | |||
r-release-windows-x86_64 | 0.3.3 | 125.00 | 64.00 | 189.00 | OK | |
r-oldrel-macos-arm64 | 0.3.3 | 66.00 | NOTE | |||
r-oldrel-macos-x86_64 | 0.3.3 | 147.00 | NOTE | |||
r-oldrel-windows-x86_64 | 0.3.3 | 147.00 | 74.00 | 221.00 | NOTE |
Version: 0.3.3
Check: package dependencies
Result: NOTE
Package suggested but not available for checking: ‘arcgisbinding’
Flavors: r-oldrel-macos-arm64, r-oldrel-macos-x86_64, r-oldrel-windows-x86_64