Last updated on 2024-05-11 13:49:03 CEST.
Flavor | Version | Tinstall | Tcheck | Ttotal | Status | Flags |
---|---|---|---|---|---|---|
r-devel-linux-x86_64-debian-clang | 1.1.1 | 304.40 | 78.64 | 383.04 | OK | |
r-devel-linux-x86_64-debian-gcc | 1.1.1 | 233.51 | 63.36 | 296.87 | OK | |
r-devel-linux-x86_64-fedora-clang | 1.1.1 | 574.13 | OK | |||
r-devel-linux-x86_64-fedora-gcc | 1.1.1 | 592.36 | OK | |||
r-devel-windows-x86_64 | 1.1.1 | 220.00 | 121.00 | 341.00 | OK | |
r-patched-linux-x86_64 | 1.1.1 | 281.54 | 82.93 | 364.47 | OK | |
r-release-linux-x86_64 | 1.1.1 | 297.43 | 86.40 | 383.83 | OK | |
r-release-macos-arm64 | 1.1.1 | 103.00 | NOTE | |||
r-release-macos-x86_64 | 1.1.1 | 188.00 | NOTE | |||
r-release-windows-x86_64 | 1.1.1 | 219.00 | 117.00 | 336.00 | OK | |
r-oldrel-macos-arm64 | 1.1.1 | 110.00 | NOTE | |||
r-oldrel-macos-x86_64 | 1.1.1 | 190.00 | NOTE | |||
r-oldrel-windows-x86_64 | 1.1.1 | 272.00 | 132.00 | 404.00 | OK |
Version: 1.1.1
Check: installed package size
Result: NOTE
installed size is 33.2Mb
sub-directories of 1Mb or more:
libs 32.9Mb
Flavors: r-release-macos-arm64, r-release-macos-x86_64, r-oldrel-macos-arm64, r-oldrel-macos-x86_64