Last updated on 2024-05-04 13:48:59 CEST.
Flavor | Version | Tinstall | Tcheck | Ttotal | Status | Flags |
---|---|---|---|---|---|---|
r-devel-linux-x86_64-debian-clang | 1.3.5 | 32.76 | 151.45 | 184.21 | NOTE | |
r-devel-linux-x86_64-debian-gcc | 1.3.5 | 22.01 | 103.65 | 125.66 | NOTE | |
r-devel-linux-x86_64-fedora-clang | 1.3.5 | 223.56 | NOTE | |||
r-devel-linux-x86_64-fedora-gcc | 1.3.5 | 224.57 | NOTE | |||
r-devel-windows-x86_64 | 1.3.5 | 17.00 | 107.00 | 124.00 | NOTE | |
r-patched-linux-x86_64 | 1.3.5 | 31.17 | 145.27 | 176.44 | NOTE | |
r-release-linux-x86_64 | 1.3.5 | 29.89 | 141.09 | 170.98 | NOTE | |
r-release-macos-arm64 | 1.3.5 | 94.00 | NOTE | |||
r-release-windows-x86_64 | 1.3.5 | 16.00 | 108.00 | 124.00 | NOTE | |
r-oldrel-macos-arm64 | 1.3.5 | 58.00 | OK | |||
r-oldrel-macos-x86_64 | 1.3.5 | 98.00 | OK | |||
r-oldrel-windows-x86_64 | 1.3.5 | 18.00 | 120.00 | 138.00 | OK |
Version: 1.3.5
Check: Rd files
Result: NOTE
checkRd: (-1) iconplot.Rd:172: Lost braces
172 | the height of the area containing the panels and a margin of size code{100 * 0.1}
| ^
Flavors: r-devel-linux-x86_64-debian-clang, r-devel-linux-x86_64-debian-gcc, r-devel-linux-x86_64-fedora-clang, r-devel-linux-x86_64-fedora-gcc, r-devel-windows-x86_64, r-patched-linux-x86_64, r-release-linux-x86_64, r-release-macos-arm64, r-release-windows-x86_64