Last updated on 2024-05-11 11:48:08 CEST.
Flavor | Version | Tinstall | Tcheck | Ttotal | Status | Flags |
---|---|---|---|---|---|---|
r-devel-linux-x86_64-debian-clang | 1.2.0 | 14.41 | 116.13 | 130.54 | NOTE | |
r-devel-linux-x86_64-debian-gcc | 1.2.0 | 10.23 | 86.50 | 96.73 | NOTE | |
r-devel-linux-x86_64-fedora-clang | 1.2.0 | 163.22 | NOTE | |||
r-devel-linux-x86_64-fedora-gcc | 1.2.0 | 230.34 | NOTE | |||
r-devel-windows-x86_64 | 1.2.0 | 12.00 | 99.00 | 111.00 | NOTE | |
r-patched-linux-x86_64 | 1.2.0 | 11.49 | 113.49 | 124.98 | NOTE | |
r-release-linux-x86_64 | 1.2.0 | 11.37 | 110.40 | 121.77 | NOTE | |
r-release-macos-arm64 | 1.2.0 | 53.00 | NOTE | |||
r-release-windows-x86_64 | 1.2.0 | 13.00 | 98.00 | 111.00 | NOTE | |
r-oldrel-macos-arm64 | 1.2.0 | 43.00 | NOTE | |||
r-oldrel-macos-x86_64 | 1.2.0 | 67.00 | NOTE | |||
r-oldrel-windows-x86_64 | 1.2.0 | 15.00 | 118.00 | 133.00 | NOTE |
Version: 1.2.0
Check: package dependencies
Result: NOTE
Package which this enhances but not available for checking: ‘asreml’
Flavors: r-devel-linux-x86_64-debian-clang, r-devel-linux-x86_64-debian-gcc, r-devel-linux-x86_64-fedora-clang, r-devel-linux-x86_64-fedora-gcc, r-devel-windows-x86_64, r-patched-linux-x86_64, r-release-linux-x86_64, r-release-macos-arm64, r-release-windows-x86_64, r-oldrel-macos-arm64, r-oldrel-macos-x86_64, r-oldrel-windows-x86_64