Last updated on 2025-10-31 22:49:52 CET.
| Flavor | Version | Tinstall | Tcheck | Ttotal | Status | Flags | 
|---|---|---|---|---|---|---|
| r-devel-linux-x86_64-debian-clang | 1.0.1 | 1.56 | 18.03 | 19.59 | NOTE | |
| r-devel-linux-x86_64-debian-gcc | 1.0.1 | 1.30 | 15.22 | 16.52 | NOTE | |
| r-devel-linux-x86_64-fedora-clang | 1.0.1 | 28.15 | OK | |||
| r-devel-linux-x86_64-fedora-gcc | 1.0.1 | 26.63 | OK | |||
| r-devel-windows-x86_64 | 1.0.1 | 3.00 | 33.00 | 36.00 | OK | |
| r-patched-linux-x86_64 | 1.0.1 | 1.54 | 16.91 | 18.45 | OK | |
| r-release-linux-x86_64 | 1.0.1 | 1.44 | 17.01 | 18.45 | OK | |
| r-release-macos-arm64 | 1.0.1 | 1.00 | 13.00 | 14.00 | OK | |
| r-release-macos-x86_64 | 1.0.1 | 2.00 | 20.00 | 22.00 | OK | |
| r-release-windows-x86_64 | 1.0.1 | 2.00 | 36.00 | 38.00 | OK | |
| r-oldrel-macos-arm64 | 1.0.1 | 1.00 | 18.00 | 19.00 | OK | |
| r-oldrel-macos-x86_64 | 1.0.1 | 1.00 | 17.00 | 18.00 | OK | |
| r-oldrel-windows-x86_64 | 1.0.1 | 2.00 | 34.00 | 36.00 | OK | 
Version: 1.0.1
Check: CRAN incoming feasibility
Result: NOTE
  Maintainer: ‘Lynn Yi <lynnyi@caltech.edu>’
  
  No Authors@R field in DESCRIPTION.
  Please add one, modifying
    Authors@R: c(person(given = "Lynn",
                        family = "Yi",
                        role = c("aut", "cre"),
                        email = "lynnyi@caltech.edu"),
                 person(given = "Lior",
                        family = "Pachter",
                        role = "aut"))
  as necessary.
Flavors: r-devel-linux-x86_64-debian-clang, r-devel-linux-x86_64-debian-gcc