Last updated on 2024-05-07 19:48:10 CEST.
Flavor | Version | Tinstall | Tcheck | Ttotal | Status | Flags |
---|---|---|---|---|---|---|
r-devel-linux-x86_64-debian-clang | 1.9 | 103.65 | 103.69 | 207.34 | OK | |
r-devel-linux-x86_64-debian-gcc | 1.9 | 71.27 | 74.47 | 145.74 | OK | |
r-devel-linux-x86_64-fedora-clang | 1.9 | 270.07 | OK | |||
r-devel-linux-x86_64-fedora-gcc | 1.9 | 312.70 | OK | |||
r-devel-windows-x86_64 | 1.9 | 74.00 | 108.00 | 182.00 | OK | |
r-patched-linux-x86_64 | 1.9 | 95.93 | 95.97 | 191.90 | OK | |
r-release-linux-x86_64 | 1.9 | 63.35 | 96.73 | 160.08 | OK | |
r-release-macos-arm64 | 1.9 | 77.00 | NOTE | |||
r-release-windows-x86_64 | 1.9 | 72.00 | 106.00 | 178.00 | OK | |
r-oldrel-macos-arm64 | 1.9 | 71.00 | NOTE | |||
r-oldrel-macos-x86_64 | 1.9 | 114.00 | NOTE | |||
r-oldrel-windows-x86_64 | 1.9 | 89.00 | 134.00 | 223.00 | OK |
Version: 1.9
Check: installed package size
Result: NOTE
installed size is 5.3Mb
sub-directories of 1Mb or more:
data 2.6Mb
libs 2.4Mb
Flavors: r-release-macos-arm64, r-oldrel-macos-arm64, r-oldrel-macos-x86_64