Last updated on 2024-05-11 08:48:28 CEST.
Flavor | Version | Tinstall | Tcheck | Ttotal | Status | Flags |
---|---|---|---|---|---|---|
r-devel-linux-x86_64-debian-clang | 0.2.4 | 307.68 | 142.31 | 449.99 | OK | |
r-devel-linux-x86_64-debian-gcc | 0.2.4 | 221.05 | 99.55 | 320.60 | OK | |
r-devel-linux-x86_64-fedora-clang | 0.2.4 | 654.11 | OK | |||
r-devel-linux-x86_64-fedora-gcc | 0.2.4 | 685.25 | OK | |||
r-devel-windows-x86_64 | 0.2.4 | 229.00 | 147.00 | 376.00 | OK | |
r-patched-linux-x86_64 | 0.2.4 | 288.95 | 128.19 | 417.14 | OK | |
r-release-linux-x86_64 | 0.2.4 | 292.08 | 132.21 | 424.29 | OK | |
r-release-macos-arm64 | 0.2.4 | 131.00 | NOTE | |||
r-release-windows-x86_64 | 0.2.4 | 235.00 | 146.00 | 381.00 | OK | |
r-oldrel-macos-arm64 | 0.2.4 | 133.00 | NOTE | |||
r-oldrel-macos-x86_64 | 0.2.4 | 152.00 | NOTE | |||
r-oldrel-windows-x86_64 | 0.2.4 | 281.00 | 181.00 | 462.00 | OK |
Version: 0.2.4
Check: installed package size
Result: NOTE
installed size is 5.8Mb
sub-directories of 1Mb or more:
libs 5.3Mb
Flavors: r-release-macos-arm64, r-oldrel-macos-arm64, r-oldrel-macos-x86_64