Last updated on 2025-05-25 20:50:25 CEST.
Flavor | Version | Tinstall | Tcheck | Ttotal | Status | Flags |
---|---|---|---|---|---|---|
r-devel-linux-x86_64-debian-clang | 0.1.0 | 2.14 | 20.40 | 22.54 | NOTE | |
r-devel-linux-x86_64-debian-gcc | 0.1.0 | 1.64 | 16.36 | 18.00 | NOTE | |
r-devel-linux-x86_64-fedora-clang | 0.1.0 | 37.63 | OK | |||
r-devel-linux-x86_64-fedora-gcc | 0.1.0 | 35.98 | OK | |||
r-devel-windows-x86_64 | 0.1.0 | 5.00 | 72.00 | 77.00 | OK | |
r-patched-linux-x86_64 | 0.1.0 | 1.66 | 19.36 | 21.02 | OK | |
r-release-linux-x86_64 | 0.1.0 | 2.31 | 19.76 | 22.07 | OK | |
r-release-macos-arm64 | 0.1.0 | 16.00 | OK | |||
r-release-macos-x86_64 | 0.1.0 | 31.00 | OK | |||
r-release-windows-x86_64 | 0.1.0 | 4.00 | 43.00 | 47.00 | OK | |
r-oldrel-macos-arm64 | 0.1.0 | 16.00 | NOTE | |||
r-oldrel-macos-x86_64 | 0.1.0 | 22.00 | NOTE | |||
r-oldrel-windows-x86_64 | 0.1.0 | 4.00 | 47.00 | 51.00 | NOTE |
Version: 0.1.0
Check: CRAN incoming feasibility
Result: NOTE
Maintainer: ‘Robert Lee <rhlee@colorado.edu>’
No Authors@R field in DESCRIPTION.
Please add one, modifying
Authors@R: person(given = "Robert",
family = "Lee",
role = c("aut", "cre"),
email = "rhlee@colorado.edu")
as necessary.
Flavors: r-devel-linux-x86_64-debian-clang, r-devel-linux-x86_64-debian-gcc
Version: 0.1.0
Check: package dependencies
Result: NOTE
Packages suggested but not available for checking: 'RNRCS', 'metScanR'
Flavors: r-oldrel-macos-arm64, r-oldrel-macos-x86_64, r-oldrel-windows-x86_64
Version: 0.1.0
Check: LazyData
Result: NOTE
'LazyData' is specified without a 'data' directory
Flavors: r-oldrel-macos-arm64, r-oldrel-macos-x86_64, r-oldrel-windows-x86_64