Last updated on 2025-11-01 16:49:49 CET.
| Flavor | Version | Tinstall | Tcheck | Ttotal | Status | Flags |
|---|---|---|---|---|---|---|
| r-devel-linux-x86_64-debian-clang | 0.4.1 | 29.19 | 434.39 | 463.58 | OK | |
| r-devel-linux-x86_64-debian-gcc | 0.4.1 | 20.27 | 306.58 | 326.85 | OK | |
| r-devel-linux-x86_64-fedora-clang | 0.4.1 | 238.00 | 515.06 | 753.06 | OK | |
| r-devel-linux-x86_64-fedora-gcc | 0.4.1 | 167.00 | 585.70 | 752.70 | OK | |
| r-devel-windows-x86_64 | 0.4.1 | 30.00 | 352.00 | 382.00 | OK | |
| r-patched-linux-x86_64 | 0.4.1 | 29.47 | 408.89 | 438.36 | OK | |
| r-release-linux-x86_64 | 0.4.1 | 27.81 | 408.98 | 436.79 | OK | |
| r-release-macos-arm64 | 0.4.1 | 5.00 | ERROR | |||
| r-release-macos-x86_64 | 0.4.1 | 32.00 | 316.00 | 348.00 | OK | |
| r-release-windows-x86_64 | 0.4.1 | 29.00 | 359.00 | 388.00 | OK | |
| r-oldrel-macos-arm64 | 0.4.1 | 15.00 | 196.00 | 211.00 | OK | |
| r-oldrel-macos-x86_64 | 0.4.1 | 31.00 | 320.00 | 351.00 | OK | |
| r-oldrel-windows-x86_64 | 0.4.1 | 42.00 | 488.00 | 530.00 | OK |
Version: 0.4.1
Check: package dependencies
Result: ERROR
Package required but not available: ‘org.Hs.eg.db’
See section ‘The DESCRIPTION file’ in the ‘Writing R Extensions’
manual.
Flavor: r-release-macos-arm64