Last updated on 2025-10-21 00:50:21 CEST.
Flavor | Version | Tinstall | Tcheck | Ttotal | Status | Flags |
---|---|---|---|---|---|---|
r-devel-linux-x86_64-debian-clang | 1.0.3 | 7.99 | 63.38 | 71.37 | NOTE | |
r-devel-linux-x86_64-debian-gcc | 1.0.3 | 5.39 | 49.02 | 54.41 | NOTE | |
r-devel-linux-x86_64-fedora-clang | 1.0.3 | 111.72 | OK | |||
r-devel-linux-x86_64-fedora-gcc | 1.0.3 | 124.97 | OK | |||
r-devel-windows-x86_64 | 1.0.3 | 9.00 | 80.00 | 89.00 | OK | |
r-patched-linux-x86_64 | 1.0.3 | 7.68 | 58.60 | 66.28 | OK | |
r-release-linux-x86_64 | 1.0.3 | 6.10 | 58.76 | 64.86 | OK | |
r-release-macos-arm64 | 1.0.3 | 47.00 | OK | |||
r-release-macos-x86_64 | 1.0.3 | 71.00 | OK | |||
r-release-windows-x86_64 | 1.0.3 | 10.00 | 81.00 | 91.00 | OK | |
r-oldrel-macos-arm64 | 1.0.3 | 43.00 | OK | |||
r-oldrel-macos-x86_64 | 1.0.3 | 61.00 | OK | |||
r-oldrel-windows-x86_64 | 1.0.3 | 12.00 | 99.00 | 111.00 | OK |
Version: 1.0.3
Check: CRAN incoming feasibility
Result: NOTE
Maintainer: ‘Marcelo Ponce <m.ponce@utoronto.ca>’
No Authors@R field in DESCRIPTION.
Please add one, modifying
Authors@R: person(given = "Marcelo",
family = "Ponce",
role = c("aut", "cre"),
email = "m.ponce@utoronto.ca")
as necessary.
Flavors: r-devel-linux-x86_64-debian-clang, r-devel-linux-x86_64-debian-gcc
Version: 1.0.3
Check: HTML version of manual
Result: NOTE
Found the following HTML validation problems:
comparison.Plt.html:83:1 (comparison.Plt.Rd:33): Warning: missing </ul> before </div>
loadLibrary.html:46:1 (loadLibrary.Rd:10): Warning: missing </ul> before </div>
outputType.html:73:1 (outputType.Rd:27): Warning: missing </ul> before </div>
Flavor: r-devel-linux-x86_64-debian-gcc