CRAN Package Check Results for Package VarSelLCM

Last updated on 2025-07-03 05:50:46 CEST.

Flavor Version Tinstall Tcheck Ttotal Status Flags
r-devel-linux-x86_64-debian-clang 2.1.3.1 206.73 142.45 349.18 NOTE
r-devel-linux-x86_64-debian-gcc 2.1.3.1 144.43 91.82 236.25 NOTE
r-devel-linux-x86_64-fedora-clang 2.1.3.1 678.97 OK
r-devel-linux-x86_64-fedora-gcc 2.1.3.1 573.76 OK
r-devel-windows-x86_64 2.1.3.1 232.00 182.00 414.00 OK
r-patched-linux-x86_64 2.1.3.1 210.53 118.60 329.13 OK
r-release-linux-x86_64 2.1.3.1 194.91 116.81 311.72 OK
r-release-macos-arm64 2.1.3.1 161.00 OK
r-release-macos-x86_64 2.1.3.1 198.00 OK
r-release-windows-x86_64 2.1.3.1 236.00 178.00 414.00 OK
r-oldrel-macos-arm64 2.1.3.1 140.00 NOTE
r-oldrel-macos-x86_64 2.1.3.1 168.00 NOTE
r-oldrel-windows-x86_64 2.1.3.1 281.00 215.00 496.00 OK

Check Details

Version: 2.1.3.1
Check: CRAN incoming feasibility
Result: NOTE Maintainer: ‘Mohammed Sedki <mohammed.sedki@u-psud.fr>’ No Authors@R field in DESCRIPTION. Please add one, modifying Authors@R: c(person(given = "Matthieu", family = "Marbac", role = "aut"), person(given = "Mohammed", family = "Sedki", role = c("aut", "cre"), email = "mohammed.sedki@u-psud.fr")) as necessary. Package CITATION file contains call(s) to old-style personList() or as.personList(). Please use c() on person objects instead. Flavors: r-devel-linux-x86_64-debian-clang, r-devel-linux-x86_64-debian-gcc

Version: 2.1.3.1
Check: installed package size
Result: NOTE installed size is 8.4Mb sub-directories of 1Mb or more: libs 7.6Mb Flavors: r-oldrel-macos-arm64, r-oldrel-macos-x86_64