Last updated on 2024-05-02 07:11:07 CEST.
Flavor | Version | Tinstall | Tcheck | Ttotal | Status | Flags |
---|---|---|---|---|---|---|
r-devel-linux-x86_64-debian-clang | 2.1.3.1 | 357.64 | 172.60 | 530.24 | OK | |
r-devel-linux-x86_64-debian-gcc | 2.1.3.1 | 267.77 | 112.60 | 380.37 | OK | |
r-devel-linux-x86_64-fedora-clang | 2.1.3.1 | 763.90 | OK | |||
r-devel-linux-x86_64-fedora-gcc | 2.1.3.1 | 740.85 | OK | |||
r-devel-windows-x86_64 | 2.1.3.1 | 269.00 | 177.00 | 446.00 | OK | |
r-patched-linux-x86_64 | 2.1.3.1 | 343.51 | 143.06 | 486.57 | OK | |
r-release-linux-x86_64 | 2.1.3.1 | 336.66 | 145.79 | 482.45 | OK | |
r-release-macos-arm64 | 2.1.3.1 | 140.00 | NOTE | |||
r-release-windows-x86_64 | 2.1.3.1 | 272.00 | 174.00 | 446.00 | OK | |
r-oldrel-macos-arm64 | 2.1.3.1 | 175.00 | NOTE | |||
r-oldrel-macos-x86_64 | 2.1.3.1 | 299.00 | NOTE | |||
r-oldrel-windows-x86_64 | 2.1.3.1 | 325.00 | 199.00 | 524.00 | OK |
Version: 2.1.3.1
Check: installed package size
Result: NOTE
installed size is 8.4Mb
sub-directories of 1Mb or more:
libs 7.6Mb
Flavors: r-release-macos-arm64, r-oldrel-macos-arm64, r-oldrel-macos-x86_64