Last updated on 2024-05-13 06:52:25 CEST.
Flavor | Version | Tinstall | Tcheck | Ttotal | Status | Flags |
---|---|---|---|---|---|---|
r-devel-linux-x86_64-debian-clang | 0.2.6 | 176.23 | 55.81 | 232.04 | NOTE | |
r-devel-linux-x86_64-debian-gcc | 0.2.6 | 118.36 | 40.17 | 158.53 | NOTE | |
r-devel-linux-x86_64-fedora-clang | 0.2.6 | 325.47 | NOTE | |||
r-devel-linux-x86_64-fedora-gcc | 0.2.6 | 383.83 | NOTE | |||
r-devel-windows-x86_64 | 0.2.6 | 155.00 | 91.00 | 246.00 | NOTE | |
r-patched-linux-x86_64 | 0.2.6 | 158.66 | 52.59 | 211.25 | NOTE | |
r-release-linux-x86_64 | 0.2.6 | 160.59 | 52.14 | 212.73 | NOTE | |
r-release-macos-arm64 | 0.2.6 | 58.00 | NOTE | |||
r-release-windows-x86_64 | 0.2.6 | 148.00 | 91.00 | 239.00 | NOTE | |
r-oldrel-macos-arm64 | 0.2.6 | 76.00 | OK | |||
r-oldrel-macos-x86_64 | 0.2.6 | 121.00 | OK | |||
r-oldrel-windows-x86_64 | 0.2.6 | 179.00 | 104.00 | 283.00 | OK |
Version: 0.2.6
Check: Rd files
Result: NOTE
checkRd: (-1) vic_param.Rd:311: Lost braces
311 | albedo must be supplied in code{forcing_veg}. Default = 1.}
| ^
checkRd: (-1) vic_param.Rd:323: Lost braces
323 | supplied in code{forcing_veg}. Default = 1.}
| ^
checkRd: (-1) vic_param.Rd:341: Lost braces
341 | be supplied in code{forcing_veg} Default = 0.}
| ^
Flavors: r-devel-linux-x86_64-debian-clang, r-devel-linux-x86_64-debian-gcc, r-devel-linux-x86_64-fedora-clang, r-devel-linux-x86_64-fedora-gcc, r-devel-windows-x86_64, r-patched-linux-x86_64, r-release-linux-x86_64, r-release-macos-arm64, r-release-windows-x86_64