Last updated on 2025-05-24 02:51:45 CEST.
Flavor | Version | Tinstall | Tcheck | Ttotal | Status | Flags |
---|---|---|---|---|---|---|
r-devel-linux-x86_64-debian-clang | 1.0.2 | 2.77 | 37.81 | 40.58 | NOTE | |
r-devel-linux-x86_64-debian-gcc | 1.0.2 | 2.11 | 29.40 | 31.51 | NOTE | |
r-devel-linux-x86_64-fedora-clang | 1.0.2 | 64.80 | OK | |||
r-devel-linux-x86_64-fedora-gcc | 1.0.2 | 75.96 | OK | |||
r-devel-windows-x86_64 | 1.0.2 | 5.00 | 114.00 | 119.00 | OK | |
r-patched-linux-x86_64 | 1.0.2 | 3.06 | 34.57 | 37.63 | OK | |
r-release-linux-x86_64 | 1.0.2 | 2.02 | 35.89 | 37.91 | OK | |
r-release-macos-arm64 | 1.0.2 | 37.00 | OK | |||
r-release-macos-x86_64 | 1.0.2 | 64.00 | OK | |||
r-release-windows-x86_64 | 1.0.2 | 7.00 | 99.00 | 106.00 | OK | |
r-oldrel-macos-arm64 | 1.0.2 | 29.00 | OK | |||
r-oldrel-macos-x86_64 | 1.0.2 | 56.00 | OK | |||
r-oldrel-windows-x86_64 | 1.0.2 | 5.00 | 77.00 | 82.00 | OK |
Version: 1.0.2
Check: CRAN incoming feasibility
Result: NOTE
Maintainer: ‘Sarah Goslee <Sarah.Goslee@ars.usda.gov>’
Package CITATION file contains call(s) to old-style personList() or
as.personList(). Please use c() on person objects instead.
Package CITATION file contains call(s) to old-style citEntry(). Please
use bibentry() instead.
Flavors: r-devel-linux-x86_64-debian-clang, r-devel-linux-x86_64-debian-gcc