Last updated on 2024-05-13 06:52:25 CEST.
Flavor | Version | Tinstall | Tcheck | Ttotal | Status | Flags |
---|---|---|---|---|---|---|
r-devel-linux-x86_64-debian-clang | 0.1.0 | 80.40 | 69.35 | 149.75 | OK | |
r-devel-linux-x86_64-debian-gcc | 0.1.0 | 66.74 | 51.91 | 118.65 | OK | |
r-devel-linux-x86_64-fedora-clang | 0.1.0 | 192.71 | OK | |||
r-devel-linux-x86_64-fedora-gcc | 0.1.0 | 276.74 | OK | |||
r-devel-windows-x86_64 | 0.1.0 | 58.00 | 93.00 | 151.00 | OK | |
r-patched-linux-x86_64 | 0.1.0 | 75.99 | 65.61 | 141.60 | OK | |
r-release-linux-x86_64 | 0.1.0 | 79.38 | 65.30 | 144.68 | OK | |
r-release-macos-arm64 | 0.1.0 | 50.00 | NOTE | |||
r-release-windows-x86_64 | 0.1.0 | 55.00 | 93.00 | 148.00 | OK | |
r-oldrel-macos-arm64 | 0.1.0 | 61.00 | NOTE | |||
r-oldrel-macos-x86_64 | 0.1.0 | 156.00 | NOTE | |||
r-oldrel-windows-x86_64 | 0.1.0 | 75.00 | 109.00 | 184.00 | OK |
Version: 0.1.0
Check: installed package size
Result: NOTE
installed size is 7.8Mb
sub-directories of 1Mb or more:
libs 7.5Mb
Flavors: r-release-macos-arm64, r-oldrel-macos-arm64, r-oldrel-macos-x86_64