Last updated on 2024-05-11 11:48:35 CEST.
Flavor | Version | Tinstall | Tcheck | Ttotal | Status | Flags |
---|---|---|---|---|---|---|
r-devel-linux-x86_64-debian-clang | 0.1.0 | 334.89 | 141.29 | 476.18 | OK | |
r-devel-linux-x86_64-debian-gcc | 0.1.0 | 300.53 | 145.61 | 446.14 | OK | |
r-devel-linux-x86_64-fedora-clang | 0.1.0 | 725.85 | OK | |||
r-devel-linux-x86_64-fedora-gcc | 0.1.0 | 901.22 | OK | |||
r-devel-windows-x86_64 | 0.1.0 | 283.00 | 147.00 | 430.00 | OK | |
r-patched-linux-x86_64 | 0.1.0 | 296.68 | 187.60 | 484.28 | OK | |
r-release-linux-x86_64 | 0.1.0 | 318.48 | 183.41 | 501.89 | OK | |
r-release-macos-arm64 | 0.1.0 | 141.00 | NOTE | |||
r-release-windows-x86_64 | 0.1.0 | 279.00 | 147.00 | 426.00 | OK | |
r-oldrel-macos-arm64 | 0.1.0 | 180.00 | NOTE | |||
r-oldrel-macos-x86_64 | 0.1.0 | 283.00 | NOTE | |||
r-oldrel-windows-x86_64 | 0.1.0 | 348.00 | 177.00 | 525.00 | OK |
Version: 0.1.0
Check: installed package size
Result: NOTE
installed size is 23.9Mb
sub-directories of 1Mb or more:
doc 2.2Mb
libs 21.5Mb
Flavors: r-release-macos-arm64, r-oldrel-macos-arm64, r-oldrel-macos-x86_64