Last updated on 2024-05-09 23:07:43 CEST.
Flavor | Version | Tinstall | Tcheck | Ttotal | Status | Flags |
---|---|---|---|---|---|---|
r-devel-linux-x86_64-debian-clang | 0.1.0 | 11.39 | 117.99 | 129.38 | OK | |
r-devel-linux-x86_64-debian-gcc | 0.1.0 | 11.04 | 86.63 | 97.67 | OK | |
r-devel-linux-x86_64-fedora-clang | 0.1.0 | 165.69 | NOTE | |||
r-devel-linux-x86_64-fedora-gcc | 0.1.0 | 223.81 | NOTE | |||
r-devel-windows-x86_64 | 0.1.0 | 12.00 | 96.00 | 108.00 | OK | |
r-patched-linux-x86_64 | 0.1.0 | 11.39 | 110.43 | 121.82 | OK | |
r-release-linux-x86_64 | 0.1.0 | 11.40 | 110.88 | 122.28 | OK | |
r-release-macos-arm64 | 0.1.0 | 48.00 | OK | |||
r-release-windows-x86_64 | 0.1.0 | 13.00 | 97.00 | 110.00 | OK | |
r-oldrel-macos-arm64 | 0.1.0 | 54.00 | OK | |||
r-oldrel-macos-x86_64 | 0.1.0 | 88.00 | OK | |||
r-oldrel-windows-x86_64 | 0.1.0 | 14.00 | 131.00 | 145.00 | OK |
Version: 0.1.0
Check: data for non-ASCII characters
Result: NOTE
Note: found 34 marked Latin-1 strings
Flavors: r-devel-linux-x86_64-fedora-clang, r-devel-linux-x86_64-fedora-gcc