Last updated on 2025-11-02 09:48:51 CET.
| Flavor | Version | Tinstall | Tcheck | Ttotal | Status | Flags |
|---|---|---|---|---|---|---|
| r-devel-linux-x86_64-debian-clang | 1.0.7 | 57.20 | 476.62 | 533.82 | OK | |
| r-devel-linux-x86_64-debian-gcc | 1.0.7 | 39.26 | 334.12 | 373.38 | OK | |
| r-devel-linux-x86_64-fedora-clang | 1.0.7 | 288.00 | 613.93 | 901.93 | OK | |
| r-devel-linux-x86_64-fedora-gcc | 1.0.7 | 290.00 | 602.10 | 892.10 | OK | |
| r-devel-windows-x86_64 | 1.0.7 | 56.00 | 437.00 | 493.00 | OK | |
| r-patched-linux-x86_64 | 1.0.7 | 0.34 | 2.10 | 2.44 | ERROR | |
| r-release-linux-x86_64 | 1.0.7 | 0.35 | 1.96 | 2.31 | ERROR | |
| r-release-macos-arm64 | 1.0.7 | 24.00 | 109.00 | 133.00 | OK | |
| r-release-macos-x86_64 | 1.0.7 | 50.00 | 246.00 | 296.00 | OK | |
| r-release-windows-x86_64 | 1.0.7 | 55.00 | 431.00 | 486.00 | OK | |
| r-oldrel-macos-arm64 | 1.0.7 | 22.00 | 119.00 | 141.00 | OK | |
| r-oldrel-macos-x86_64 | 1.0.7 | 45.00 | 258.00 | 303.00 | NOTE | |
| r-oldrel-windows-x86_64 | 1.0.7 | 73.00 | 580.00 | 653.00 | OK |
Version: 1.0.7
Check: package dependencies
Result: ERROR
Package required but not available: ‘DESeq2’
See section ‘The DESCRIPTION file’ in the ‘Writing R Extensions’
manual.
Flavor: r-patched-linux-x86_64
Version: 1.0.7
Check: package dependencies
Result: ERROR
Package required but not available: ‘ggtree’
Package suggested but not available for checking: ‘ggtreeExtra’
See section ‘The DESCRIPTION file’ in the ‘Writing R Extensions’
manual.
Flavor: r-release-linux-x86_64
Version: 1.0.7
Check: package dependencies
Result: NOTE
Package suggested but not available for checking: ‘ggtreeExtra’
Flavor: r-oldrel-macos-x86_64