Last updated on 2025-05-24 02:51:45 CEST.
Flavor | Version | Tinstall | Tcheck | Ttotal | Status | Flags |
---|---|---|---|---|---|---|
r-devel-linux-x86_64-debian-clang | 1.5.10 | 27.71 | 140.15 | 167.86 | NOTE | |
r-devel-linux-x86_64-debian-gcc | 1.5.10 | 20.14 | 109.04 | 129.18 | NOTE | |
r-devel-linux-x86_64-fedora-clang | 1.5.10 | 35.87 | ERROR | |||
r-devel-linux-x86_64-fedora-gcc | 1.5.10 | 32.78 | ERROR | |||
r-devel-windows-x86_64 | 1.5.10 | 21.00 | 352.00 | 373.00 | NOTE | |
r-patched-linux-x86_64 | 1.5.10 | 27.15 | 135.60 | 162.75 | NOTE | |
r-release-linux-x86_64 | 1.5.10 | 27.48 | 133.45 | 160.93 | NOTE | |
r-release-macos-arm64 | 1.5.10 | 134.00 | OK | |||
r-release-macos-x86_64 | 1.5.10 | 191.00 | OK | |||
r-release-windows-x86_64 | 1.5.10 | 22.00 | 146.00 | 168.00 | NOTE | |
r-oldrel-macos-arm64 | 1.5.10 | 122.00 | OK | |||
r-oldrel-macos-x86_64 | 1.5.10 | 134.00 | OK | |||
r-oldrel-windows-x86_64 | 1.5.10 | 28.00 | 147.00 | 175.00 | OK |
Version: 1.5.10
Check: Rd cross-references
Result: NOTE
Found the following Rd file(s) with Rd \link{} targets missing package
anchors:
FULLoption.Rd: impute, local.trend, mannKen, seasonTrend, seaKen
Please provide package anchors for all Rd \link{} targets not in the
package itself and the base packages.
Flavors: r-devel-linux-x86_64-debian-clang, r-devel-linux-x86_64-debian-gcc, r-devel-windows-x86_64, r-patched-linux-x86_64, r-release-linux-x86_64, r-release-windows-x86_64
Version: 1.5.10
Check: whether package can be installed
Result: ERROR
Installation failed.
Flavors: r-devel-linux-x86_64-fedora-clang, r-devel-linux-x86_64-fedora-gcc