Last updated on 2025-05-28 20:53:19 CEST.
Flavor | Version | Tinstall | Tcheck | Ttotal | Status | Flags |
---|---|---|---|---|---|---|
r-devel-linux-x86_64-debian-clang | 0.2.1 | 7.18 | 63.01 | 70.19 | NOTE | |
r-devel-linux-x86_64-debian-gcc | 0.2.1 | 5.85 | 47.66 | 53.51 | NOTE | |
r-devel-linux-x86_64-fedora-clang | 0.2.1 | 117.34 | OK | |||
r-devel-linux-x86_64-fedora-gcc | 0.2.1 | 119.40 | OK | |||
r-devel-windows-x86_64 | 0.2.1 | 8.00 | 172.00 | 180.00 | OK | |
r-patched-linux-x86_64 | 0.2.1 | 7.28 | 60.34 | 67.62 | OK | |
r-release-linux-x86_64 | 0.2.1 | 6.90 | 59.77 | 66.67 | OK | |
r-release-macos-arm64 | 0.2.1 | 39.00 | OK | |||
r-release-macos-x86_64 | 0.2.1 | 74.00 | OK | |||
r-release-windows-x86_64 | 0.2.1 | 8.00 | 174.00 | 182.00 | OK | |
r-oldrel-macos-arm64 | 0.2.1 | 40.00 | OK | |||
r-oldrel-macos-x86_64 | 0.2.1 | 107.00 | OK | |||
r-oldrel-windows-x86_64 | 0.2.1 | 11.00 | 156.00 | 167.00 | OK |
Version: 0.2.1
Check: CRAN incoming feasibility
Result: NOTE
Maintainer: ‘Chad Hammerquist <chammerquist@scentsy.com>’
No Authors@R field in DESCRIPTION.
Please add one, modifying
Authors@R: c(person(given = "Chad",
family = "Hammerquist",
role = c("aut", "cre"),
email = "chammerquist@scentsy.com"),
person(given = "Scentsy",
family = "Inc",
role = "cph"))
as necessary.
Flavors: r-devel-linux-x86_64-debian-clang, r-devel-linux-x86_64-debian-gcc