Last updated on 2025-07-28 11:49:48 CEST.
Flavor | Version | Tinstall | Tcheck | Ttotal | Status | Flags |
---|---|---|---|---|---|---|
r-devel-linux-x86_64-debian-clang | 0.1 | 4.83 | 52.25 | 57.08 | NOTE | |
r-devel-linux-x86_64-debian-gcc | 0.1 | 3.78 | 36.45 | 40.23 | NOTE | |
r-devel-linux-x86_64-fedora-clang | 0.1 | 92.03 | OK | |||
r-devel-linux-x86_64-fedora-gcc | 0.1 | 86.26 | OK | |||
r-devel-windows-x86_64 | 0.1 | 7.00 | 74.00 | 81.00 | OK | |
r-patched-linux-x86_64 | 0.1 | 5.47 | 48.91 | 54.38 | OK | |
r-release-linux-x86_64 | 0.1 | 4.95 | 49.01 | 53.96 | OK | |
r-release-macos-arm64 | 0.1 | 28.00 | OK | |||
r-release-macos-x86_64 | 0.1 | 58.00 | OK | |||
r-release-windows-x86_64 | 0.1 | 6.00 | 71.00 | 77.00 | OK | |
r-oldrel-macos-arm64 | 0.1 | 28.00 | OK | |||
r-oldrel-macos-x86_64 | 0.1 | 47.00 | OK | |||
r-oldrel-windows-x86_64 | 0.1 | 8.00 | 84.00 | 92.00 | OK |
Version: 0.1
Check: CRAN incoming feasibility
Result: NOTE
Maintainer: ‘Zhuowei Sun <sunzw21@mails.jlu.edu.cn>’
The Description field contains
<arXiv:2310.15877> and Sun, D. et al. (2023) <arXiv:2308.15549>.
Please refer to arXiv e-prints via their arXiv DOI <doi:10.48550/arXiv.YYMM.NNNNN>.
Flavors: r-devel-linux-x86_64-debian-clang, r-devel-linux-x86_64-debian-gcc