Last updated on 2025-07-04 19:50:32 CEST.
Flavor | Version | Tinstall | Tcheck | Ttotal | Status | Flags |
---|---|---|---|---|---|---|
r-devel-linux-x86_64-debian-clang | 0.2.1 | 6.46 | 416.06 | 422.52 | NOTE | |
r-devel-linux-x86_64-debian-gcc | 0.2.1 | 3.47 | 283.87 | 287.34 | NOTE | |
r-devel-linux-x86_64-fedora-clang | 0.2.1 | 689.66 | NOTE | |||
r-devel-linux-x86_64-fedora-gcc | 0.2.1 | 676.94 | NOTE | |||
r-devel-windows-x86_64 | 0.2.1 | 8.00 | 429.00 | 437.00 | NOTE | |
r-patched-linux-x86_64 | 0.2.1 | 7.15 | 401.30 | 408.45 | NOTE | |
r-release-linux-x86_64 | 0.2.1 | 5.65 | 399.30 | 404.95 | NOTE | |
r-release-macos-arm64 | 0.2.1 | 201.00 | NOTE | |||
r-release-macos-x86_64 | 0.2.1 | 389.00 | NOTE | |||
r-release-windows-x86_64 | 0.2.1 | 8.00 | 698.00 | 706.00 | NOTE | |
r-oldrel-macos-arm64 | 0.2.1 | 181.00 | OK | |||
r-oldrel-macos-x86_64 | 0.2.1 | 551.00 | OK | |||
r-oldrel-windows-x86_64 | 0.2.1 | 11.00 | 573.00 | 584.00 | OK |
Version: 0.2.1
Check: CRAN incoming feasibility
Result: NOTE
Maintainer: ‘Thomas Arsouze <thomas.arsouze@cirad.fr>’
The BugReports field in DESCRIPTION has
https://github.com/umr-amap/StormR/issues/new/choose
which should likely be
https://github.com/umr-amap/StormR/issues/new/choose/issues
instead.
Flavors: r-devel-linux-x86_64-debian-clang, r-devel-linux-x86_64-debian-gcc
Version: 0.2.1
Check: DESCRIPTION meta-information
Result: NOTE
Missing dependency on R >= 4.1.0 because package code uses the pipe
|> or function shorthand \(...) syntax added in R 4.1.0.
File(s) using such syntax:
‘defStormsList.R’
Flavors: r-devel-linux-x86_64-debian-clang, r-devel-linux-x86_64-debian-gcc, r-devel-linux-x86_64-fedora-clang, r-devel-linux-x86_64-fedora-gcc, r-devel-windows-x86_64, r-patched-linux-x86_64, r-release-linux-x86_64, r-release-macos-arm64, r-release-macos-x86_64, r-release-windows-x86_64