CRAN Package Check Results for Package StackImpute

Last updated on 2025-10-28 20:50:13 CET.

Flavor Version Tinstall Tcheck Ttotal Status Flags
r-devel-linux-x86_64-debian-clang 0.1.0 10.71 35.13 45.84 NOTE
r-devel-linux-x86_64-debian-gcc 0.1.0 7.79 26.82 34.61 NOTE
r-devel-linux-x86_64-fedora-clang 0.1.0 21.00 47.63 68.63 NOTE
r-devel-linux-x86_64-fedora-gcc 0.1.0 22.00 62.46 84.46 NOTE
r-devel-windows-x86_64 0.1.0 11.00 59.00 70.00 NOTE
r-patched-linux-x86_64 0.1.0 10.19 33.30 43.49 NOTE
r-release-linux-x86_64 0.1.0 9.76 34.00 43.76 NOTE
r-release-macos-arm64 0.1.0 6.00 26.00 32.00 NOTE
r-release-macos-x86_64 0.1.0 11.00 47.00 58.00 NOTE
r-release-windows-x86_64 0.1.0 10.00 62.00 72.00 NOTE
r-oldrel-macos-arm64 0.1.0 7.00 28.00 35.00 NOTE
r-oldrel-macos-x86_64 0.1.0 9.00 38.00 47.00 NOTE
r-oldrel-windows-x86_64 0.1.0 17.00 69.00 86.00 NOTE

Check Details

Version: 0.1.0
Check: CRAN incoming feasibility
Result: NOTE Maintainer: ‘Mike Kleinsasser <mkleinsa@umich.edu>’ The Description field contains stacking” <arXiv:2101.07954>. Please refer to arXiv e-prints via their arXiv DOI <doi:10.48550/arXiv.YYMM.NNNNN>. Flavors: r-devel-linux-x86_64-debian-clang, r-devel-linux-x86_64-debian-gcc

Version: 0.1.0
Check: Rd files
Result: NOTE checkRd: (-1) stackExample.Rd:10: Lost braces in \itemize; meant \describe ? checkRd: (-1) stackExample.Rd:11: Lost braces in \itemize; meant \describe ? Flavors: r-devel-linux-x86_64-debian-clang, r-devel-linux-x86_64-debian-gcc, r-devel-linux-x86_64-fedora-clang, r-devel-linux-x86_64-fedora-gcc, r-devel-windows-x86_64, r-patched-linux-x86_64, r-release-linux-x86_64, r-release-macos-arm64, r-release-macos-x86_64, r-release-windows-x86_64, r-oldrel-macos-arm64, r-oldrel-macos-x86_64, r-oldrel-windows-x86_64

Version: 0.1.0
Check: dependencies in R code
Result: NOTE Namespaces in Imports field not imported from: ‘MASS’ ‘mice’ ‘sandwich’ ‘zoo’ All declared Imports should be used. Flavors: r-devel-linux-x86_64-fedora-clang, r-devel-linux-x86_64-fedora-gcc