Last updated on 2024-05-13 09:51:00 CEST.
Flavor | Version | Tinstall | Tcheck | Ttotal | Status | Flags |
---|---|---|---|---|---|---|
r-devel-linux-x86_64-debian-clang | 1.0.2 | 44.61 | 41.98 | 86.59 | OK | |
r-devel-linux-x86_64-debian-gcc | 1.0.2 | 30.63 | 30.83 | 61.46 | OK | |
r-devel-linux-x86_64-fedora-clang | 1.0.2 | 121.74 | OK | |||
r-devel-linux-x86_64-fedora-gcc | 1.0.2 | 170.29 | OK | |||
r-devel-windows-x86_64 | 1.0.2 | 42.00 | 75.00 | 117.00 | NOTE | |
r-patched-linux-x86_64 | 1.0.2 | 36.89 | 42.66 | 79.55 | OK | |
r-release-linux-x86_64 | 1.0.2 | 42.31 | 42.49 | 84.80 | OK | |
r-release-macos-arm64 | 1.0.2 | 37.00 | OK | |||
r-release-windows-x86_64 | 1.0.2 | 42.00 | 74.00 | 116.00 | NOTE | |
r-oldrel-macos-arm64 | 1.0.2 | 39.00 | OK | |||
r-oldrel-macos-x86_64 | 1.0.2 | 62.00 | OK | |||
r-oldrel-windows-x86_64 | 1.0.2 | 49.00 | 88.00 | 137.00 | NOTE |
Version: 1.0.2
Check: C++ specification
Result: NOTE
Specified C++11: please drop specification unless essential
Flavors: r-devel-windows-x86_64, r-release-windows-x86_64, r-oldrel-windows-x86_64