Last updated on 2024-05-13 09:51:00 CEST.
Flavor | Version | Tinstall | Tcheck | Ttotal | Status | Flags |
---|---|---|---|---|---|---|
r-devel-linux-x86_64-debian-clang | 6.1.0 | 18.34 | 116.11 | 134.45 | OK | |
r-devel-linux-x86_64-debian-gcc | 6.1.0 | 15.15 | 83.30 | 98.45 | OK | |
r-devel-linux-x86_64-fedora-clang | 6.1.0 | 178.45 | NOTE | |||
r-devel-linux-x86_64-fedora-gcc | 6.1.0 | 198.02 | OK | |||
r-devel-windows-x86_64 | 6.1.0 | 18.00 | 117.00 | 135.00 | OK | |
r-patched-linux-x86_64 | 6.1.0 | 19.62 | 111.33 | 130.95 | OK | |
r-release-linux-x86_64 | 6.1.0 | 13.05 | 108.75 | 121.80 | OK | |
r-release-macos-arm64 | 6.1.0 | 55.00 | OK | |||
r-release-macos-x86_64 | 6.1.0 | 151.00 | OK | |||
r-release-windows-x86_64 | 6.1.0 | 18.00 | 125.00 | 143.00 | OK | |
r-oldrel-macos-arm64 | 6.1.0 | 62.00 | NOTE | |||
r-oldrel-macos-x86_64 | 6.1.0 | 131.00 | NOTE | |||
r-oldrel-windows-x86_64 | 6.1.0 | 22.00 | 141.00 | 163.00 | OK |
Version: 6.1.0
Check: Rd cross-references
Result: NOTE
Undeclared package ‘stringr’ in Rd xrefs
Flavor: r-devel-linux-x86_64-fedora-clang
Version: 6.1.0
Check: installed package size
Result: NOTE
installed size is 5.9Mb
sub-directories of 1Mb or more:
data 3.8Mb
extdata 1.1Mb
Flavors: r-oldrel-macos-arm64, r-oldrel-macos-x86_64